CRAN Package Check Results for Package tmvmixnorm

Last updated on 2025-04-30 04:50:22 CEST.

Flavor Version Tinstall Tcheck Ttotal Status Flags
r-devel-linux-x86_64-debian-clang 1.1.1 2.23 22.82 25.05 OK
r-devel-linux-x86_64-debian-gcc 1.1.1 1.71 18.07 19.78 OK
r-devel-linux-x86_64-fedora-clang 1.1.1 39.05 OK
r-devel-linux-x86_64-fedora-gcc 1.1.1 36.73 OK
r-devel-windows-x86_64 1.1.1 4.00 49.00 53.00 OK
r-patched-linux-x86_64 1.1.1 2.41 21.88 24.29 OK
r-release-linux-x86_64 1.1.1 2.22 21.69 23.91 OK
r-release-macos-arm64 1.1.1 17.00 OK
r-release-macos-x86_64 1.1.1 26.00 OK
r-release-windows-x86_64 1.1.1 3.00 46.00 49.00 OK
r-oldrel-macos-arm64 1.1.1 20.00 NOTE
r-oldrel-macos-x86_64 1.1.1 23.00 NOTE
r-oldrel-windows-x86_64 1.1.1 3.00 47.00 50.00 NOTE

Check Details

Version: 1.1.1
Check: LazyData
Result: NOTE 'LazyData' is specified without a 'data' directory Flavors: r-oldrel-macos-arm64, r-oldrel-macos-x86_64, r-oldrel-windows-x86_64