Last updated on 2025-04-30 04:50:22 CEST.
Flavor | Version | Tinstall | Tcheck | Ttotal | Status | Flags |
---|---|---|---|---|---|---|
r-devel-linux-x86_64-debian-clang | 1.6 | 10.74 | 94.01 | 104.75 | NOTE | |
r-devel-linux-x86_64-debian-gcc | 1.6 | 6.64 | 63.93 | 70.57 | NOTE | |
r-devel-linux-x86_64-fedora-clang | 1.6 | 157.00 | NOTE | |||
r-devel-linux-x86_64-fedora-gcc | 1.6 | 165.17 | NOTE | |||
r-devel-windows-x86_64 | 1.6 | 15.00 | 128.00 | 143.00 | NOTE | |
r-patched-linux-x86_64 | 1.6 | 10.72 | 89.13 | 99.85 | NOTE | |
r-release-linux-x86_64 | 1.6 | 9.94 | 89.47 | 99.41 | NOTE | |
r-release-macos-arm64 | 1.6 | 67.00 | OK | |||
r-release-macos-x86_64 | 1.6 | 105.00 | OK | |||
r-release-windows-x86_64 | 1.6 | 14.00 | 127.00 | 141.00 | NOTE | |
r-oldrel-macos-arm64 | 1.6 | 52.00 | OK | |||
r-oldrel-macos-x86_64 | 1.6 | 79.00 | OK | |||
r-oldrel-windows-x86_64 | 1.6 | 19.00 | 143.00 | 162.00 | OK |
Version: 1.6
Check: Rd cross-references
Result: NOTE
Found the following Rd file(s) with Rd \link{} targets missing package
anchors:
gmm.tmvnorm.Rd: gmm
Please provide package anchors for all Rd \link{} targets not in the
package itself and the base packages.
Flavors: r-devel-linux-x86_64-debian-clang, r-devel-linux-x86_64-debian-gcc, r-devel-windows-x86_64, r-patched-linux-x86_64, r-release-linux-x86_64, r-release-windows-x86_64
Version: 1.6
Check: examples
Result: NOTE
Examples with CPU (user + system) or elapsed time > 5s
user system elapsed
dtmvt 6.537 0.000 7.238
dtmvnorm.marginal2 4.395 0.067 5.802
tmvnorm 4.226 0.001 6.608
Flavor: r-devel-linux-x86_64-debian-clang
Version: 1.6
Check: for unstated dependencies in ‘demo’
Result: NOTE
'library' or 'require' call not declared from: ‘rgl’
Flavors: r-devel-linux-x86_64-debian-clang, r-devel-linux-x86_64-debian-gcc, r-patched-linux-x86_64, r-release-linux-x86_64
Version: 1.6
Check: compiled code
Result: NOTE
File ‘tmvtnorm/libs/tmvtnorm.so’:
Found no calls to: ‘R_registerRoutines’, ‘R_useDynamicSymbols’
It is good practice to register native routines and to disable symbol
search.
See ‘Writing portable packages’ in the ‘Writing R Extensions’ manual.
Flavors: r-devel-linux-x86_64-fedora-clang, r-devel-linux-x86_64-fedora-gcc