Last updated on 2025-04-30 04:50:22 CEST.
Flavor | Version | Tinstall | Tcheck | Ttotal | Status | Flags |
---|---|---|---|---|---|---|
r-devel-linux-x86_64-debian-clang | 0.1.3 | 31.89 | 24.35 | 56.24 | NOTE | |
r-devel-linux-x86_64-debian-gcc | 0.1.3 | 22.50 | 20.46 | 42.96 | NOTE | |
r-devel-linux-x86_64-fedora-clang | 0.1.3 | 105.53 | NOTE | |||
r-devel-linux-x86_64-fedora-gcc | 0.1.3 | 98.20 | NOTE | |||
r-devel-windows-x86_64 | 0.1.3 | 36.00 | 69.00 | 105.00 | NOTE | |
r-patched-linux-x86_64 | 0.1.3 | 27.30 | 23.46 | 50.76 | NOTE | |
r-release-linux-x86_64 | 0.1.3 | 31.58 | 23.35 | 54.93 | NOTE | |
r-release-macos-arm64 | 0.1.3 | 31.00 | NOTE | |||
r-release-macos-x86_64 | 0.1.3 | 49.00 | NOTE | |||
r-release-windows-x86_64 | 0.1.3 | 38.00 | 68.00 | 106.00 | NOTE | |
r-oldrel-macos-arm64 | 0.1.3 | 28.00 | NOTE | |||
r-oldrel-macos-x86_64 | 0.1.3 | 38.00 | NOTE | |||
r-oldrel-windows-x86_64 | 0.1.3 | 43.00 | 78.00 | 121.00 | NOTE |
Version: 0.1.3
Check: CRAN incoming feasibility
Result: NOTE
Maintainer: ‘Kaifeng Lu <kaifenglu@gmail.com>’
No Authors@R field in DESCRIPTION.
Please add one, modifying
Authors@R: person(given = "Kaifeng",
family = "Lu",
role = c("aut", "cre"),
email = "kaifenglu@gmail.com")
as necessary.
Flavors: r-devel-linux-x86_64-debian-clang, r-devel-linux-x86_64-debian-gcc
Version: 0.1.3
Check: C++ specification
Result: NOTE
Specified C++11: please drop specification unless essential
Flavors: r-devel-linux-x86_64-debian-clang, r-devel-linux-x86_64-debian-gcc, r-devel-linux-x86_64-fedora-clang, r-devel-linux-x86_64-fedora-gcc, r-devel-windows-x86_64, r-patched-linux-x86_64, r-release-linux-x86_64, r-release-macos-arm64, r-release-macos-x86_64, r-release-windows-x86_64, r-oldrel-macos-arm64, r-oldrel-macos-x86_64, r-oldrel-windows-x86_64