Last updated on 2025-04-30 04:50:22 CEST.
Flavor | Version | Tinstall | Tcheck | Ttotal | Status | Flags |
---|---|---|---|---|---|---|
r-devel-linux-x86_64-debian-clang | 0.4.0 | 8.58 | 349.46 | 358.04 | OK | |
r-devel-linux-x86_64-debian-gcc | 0.4.0 | 6.28 | 229.13 | 235.41 | OK | |
r-devel-linux-x86_64-fedora-clang | 0.4.0 | 561.67 | OK | |||
r-devel-linux-x86_64-fedora-gcc | 0.4.0 | 555.47 | OK | |||
r-devel-windows-x86_64 | 0.4.0 | 10.00 | 331.00 | 341.00 | OK | |
r-patched-linux-x86_64 | 0.4.0 | 9.04 | 324.20 | 333.24 | OK | |
r-release-linux-x86_64 | 0.4.0 | 6.97 | 318.37 | 325.34 | OK | |
r-release-macos-arm64 | 0.4.0 | 147.00 | OK | |||
r-release-macos-x86_64 | 0.4.0 | 186.00 | OK | |||
r-release-windows-x86_64 | 0.4.0 | 10.00 | 330.00 | 340.00 | OK | |
r-oldrel-macos-arm64 | 0.4.0 | 130.00 | NOTE | |||
r-oldrel-macos-x86_64 | 0.4.0 | 200.00 | NOTE | |||
r-oldrel-windows-x86_64 | 0.4.0 | 12.00 | 442.00 | 454.00 | NOTE |
Version: 0.4.0
Check: installed package size
Result: NOTE
installed size is 11.8Mb
sub-directories of 1Mb or more:
doc 9.5Mb
help 1.9Mb
Flavors: r-oldrel-macos-arm64, r-oldrel-macos-x86_64, r-oldrel-windows-x86_64