CRAN Package Check Results for Package tokenizers

Last updated on 2025-04-30 04:50:22 CEST.

Flavor Version Tinstall Tcheck Ttotal Status Flags
r-devel-linux-x86_64-debian-clang 0.3.0 16.33 39.71 56.04 NOTE
r-devel-linux-x86_64-debian-gcc 0.3.0 12.68 31.43 44.11 NOTE
r-devel-linux-x86_64-fedora-clang 0.3.0 92.55 OK
r-devel-linux-x86_64-fedora-gcc 0.3.0 106.23 OK
r-devel-windows-x86_64 0.3.0 20.00 83.00 103.00 OK
r-patched-linux-x86_64 0.3.0 17.95 36.53 54.48 OK
r-release-linux-x86_64 0.3.0 16.67 37.34 54.01 OK
r-release-macos-arm64 0.3.0 48.00 OK
r-release-macos-x86_64 0.3.0 63.00 OK
r-release-windows-x86_64 0.3.0 19.00 76.00 95.00 OK
r-oldrel-macos-arm64 0.3.0 37.00 OK
r-oldrel-macos-x86_64 0.3.0 59.00 OK
r-oldrel-windows-x86_64 0.3.0 24.00 87.00 111.00 OK

Check Details

Version: 0.3.0
Check: CRAN incoming feasibility
Result: NOTE Maintainer: ‘Lincoln Mullen <lincoln@lincolnmullen.com>’ Package CITATION file contains call(s) to old-style personList() or as.personList(). Please use c() on person objects instead. Package CITATION file contains call(s) to old-style citEntry(). Please use bibentry() instead. Flavors: r-devel-linux-x86_64-debian-clang, r-devel-linux-x86_64-debian-gcc