CRAN Package Check Results for Package tongfen

Last updated on 2025-04-30 04:50:22 CEST.

Flavor Version Tinstall Tcheck Ttotal Status Flags
r-devel-linux-x86_64-debian-clang 0.3.5 9.24 125.55 134.79 NOTE
r-devel-linux-x86_64-debian-gcc 0.3.5 6.51 87.41 93.92 NOTE
r-devel-linux-x86_64-fedora-clang 0.3.5 226.81 OK
r-devel-linux-x86_64-fedora-gcc 0.3.5 212.78 OK
r-devel-windows-x86_64 0.3.5 11.00 137.00 148.00 OK
r-patched-linux-x86_64 0.3.5 9.05 118.49 127.54 OK
r-release-linux-x86_64 0.3.5 8.59 118.12 126.71 OK
r-release-macos-arm64 0.3.5 70.00 OK
r-release-macos-x86_64 0.3.5 120.00 OK
r-release-windows-x86_64 0.3.5 12.00 135.00 147.00 OK
r-oldrel-macos-arm64 0.3.5 62.00 OK
r-oldrel-macos-x86_64 0.3.5 122.00 OK
r-oldrel-windows-x86_64 0.3.5 15.00 167.00 182.00 OK

Check Details

Version: 0.3.5
Check: CRAN incoming feasibility
Result: NOTE Maintainer: ‘Jens von Bergmann <jens@mountainmath.ca>’ Package has help file(s) containing later-stage \Sexpr{} expressions but no 'build/stage23.rdb' file. Flavors: r-devel-linux-x86_64-debian-clang, r-devel-linux-x86_64-debian-gcc