CRAN Package Check Results for Package toolmaRk

Last updated on 2025-04-30 04:50:22 CEST.

Flavor Version Tinstall Tcheck Ttotal Status Flags
r-devel-linux-x86_64-debian-clang 0.0.1 5.93 51.34 57.27 NOTE
r-devel-linux-x86_64-debian-gcc 0.0.1 3.92 36.64 40.56 NOTE
r-devel-linux-x86_64-fedora-clang 0.0.1 81.61 NOTE
r-devel-linux-x86_64-fedora-gcc 0.0.1 80.01 NOTE
r-devel-windows-x86_64 0.0.1 8.00 67.00 75.00 NOTE
r-patched-linux-x86_64 0.0.1 5.76 49.10 54.86 NOTE
r-release-linux-x86_64 0.0.1 4.70 48.81 53.51 NOTE
r-release-macos-arm64 0.0.1 28.00 NOTE
r-release-macos-x86_64 0.0.1 47.00 NOTE
r-release-windows-x86_64 0.0.1 8.00 68.00 76.00 NOTE
r-oldrel-macos-arm64 0.0.1 28.00 NOTE
r-oldrel-macos-x86_64 0.0.1 41.00 NOTE
r-oldrel-windows-x86_64 0.0.1 9.00 77.00 86.00 NOTE

Check Details

Version: 0.0.1
Check: Rd files
Result: NOTE checkRd: (-1) fixed_width_no_modeling.Rd:26: Lost braces in \itemize; \value handles \item{}{} directly checkRd: (-1) fixed_width_no_modeling.Rd:27: Lost braces in \itemize; \value handles \item{}{} directly checkRd: (-1) fixed_width_no_modeling.Rd:28: Lost braces in \itemize; \value handles \item{}{} directly Flavors: r-devel-linux-x86_64-debian-clang, r-devel-linux-x86_64-debian-gcc, r-devel-linux-x86_64-fedora-clang, r-devel-linux-x86_64-fedora-gcc, r-devel-windows-x86_64, r-patched-linux-x86_64, r-release-linux-x86_64, r-release-macos-arm64, r-release-macos-x86_64, r-release-windows-x86_64, r-oldrel-macos-arm64, r-oldrel-macos-x86_64, r-oldrel-windows-x86_64

Version: 0.0.1
Check: examples
Result: NOTE Examples with CPU (user + system) or elapsed time > 5s user system elapsed ameslab 4.021 0.258 5.343 Flavor: r-devel-linux-x86_64-debian-clang