Last updated on 2025-04-30 04:50:22 CEST.
Flavor | Version | Tinstall | Tcheck | Ttotal | Status | Flags |
---|---|---|---|---|---|---|
r-devel-linux-x86_64-debian-clang | 1.0.2 | 35.22 | 383.62 | 418.84 | NOTE | |
r-devel-linux-x86_64-debian-gcc | 1.0.2 | 24.21 | 252.88 | 277.09 | NOTE | |
r-devel-linux-x86_64-fedora-clang | 1.0.2 | 672.06 | OK | |||
r-devel-linux-x86_64-fedora-gcc | 1.0.2 | 643.94 | OK | |||
r-devel-windows-x86_64 | 1.0.2 | 33.00 | 300.00 | 333.00 | OK | |
r-patched-linux-x86_64 | 1.0.2 | 31.65 | 361.93 | 393.58 | OK | |
r-release-linux-x86_64 | 1.0.2 | 37.89 | 356.78 | 394.67 | OK | |
r-release-macos-arm64 | 1.0.2 | 158.00 | OK | |||
r-release-macos-x86_64 | 1.0.2 | 336.00 | OK | |||
r-release-windows-x86_64 | 1.0.2 | 35.00 | 289.00 | 324.00 | OK | |
r-oldrel-macos-arm64 | 1.0.2 | 146.00 | OK | |||
r-oldrel-macos-x86_64 | 1.0.2 | 241.00 | OK | |||
r-oldrel-windows-x86_64 | 1.0.2 | 44.00 | 412.00 | 456.00 | OK |
Version: 1.0.2
Check: examples
Result: NOTE
Examples with CPU (user + system) or elapsed time > 5s
user system elapsed
topoLCP 8.155 0.402 11.426
topoWeightedDist 8.241 0.102 10.481
topoDist 5.992 0.237 8.043
topoPathMap 4.530 0.099 5.397
topoPaths 4.033 0.019 5.029
Flavor: r-devel-linux-x86_64-debian-clang
Version: 1.0.2
Check: examples
Result: NOTE
Examples with CPU (user + system) or elapsed time > 5s
user system elapsed
topoWeightedDist 5.726 0.020 7.507
topoLCP 5.289 0.149 7.181
topoDist 4.746 0.246 6.638
Flavor: r-devel-linux-x86_64-debian-gcc