Last updated on 2025-04-30 04:50:22 CEST.
Flavor | Version | Tinstall | Tcheck | Ttotal | Status | Flags |
---|---|---|---|---|---|---|
r-devel-linux-x86_64-debian-clang | 1.5.0 | 52.81 | 419.46 | 472.27 | NOTE | |
r-devel-linux-x86_64-debian-gcc | 1.5.0 | 40.12 | 323.66 | 363.78 | NOTE | |
r-devel-linux-x86_64-fedora-clang | 1.5.0 | 783.37 | OK | |||
r-devel-linux-x86_64-fedora-gcc | 1.5.0 | 721.93 | OK | |||
r-devel-windows-x86_64 | 1.5.0 | 52.00 | 347.00 | 399.00 | OK | |
r-patched-linux-x86_64 | 1.5.0 | 52.64 | 399.32 | 451.96 | OK | |
r-release-linux-x86_64 | 1.5.0 | 49.27 | 401.50 | 450.77 | OK | |
r-release-macos-arm64 | 1.5.0 | 5.00 | ERROR | |||
r-release-macos-x86_64 | 1.5.0 | 7.00 | ERROR | |||
r-release-windows-x86_64 | 1.5.0 | 52.00 | 341.00 | 393.00 | OK | |
r-oldrel-macos-arm64 | 1.5.0 | 191.00 | OK | |||
r-oldrel-macos-x86_64 | 1.5.0 | 291.00 | OK | |||
r-oldrel-windows-x86_64 | 1.5.0 | 64.00 | 454.00 | 518.00 | OK |
Version: 1.5.0
Check: CRAN incoming feasibility
Result: NOTE
Maintainer: ‘Gabriele Sales <gabriele.sales@unipd.it>’
No Authors@R field in DESCRIPTION.
Please add one, modifying
Authors@R: c(person(given = "Sofia",
family = "Massa",
role = "aut"),
person(given = "Gabriele",
family = "Sales",
role = c("aut", "cre"),
email = "gabriele.sales@unipd.it"))
as necessary.
Flavors: r-devel-linux-x86_64-debian-clang, r-devel-linux-x86_64-debian-gcc
Version: 1.5.0
Check: package dependencies
Result: ERROR
Package required but not available: ‘qpgraph’
See section ‘The DESCRIPTION file’ in the ‘Writing R Extensions’
manual.
Flavors: r-release-macos-arm64, r-release-macos-x86_64