Last updated on 2025-04-30 04:50:22 CEST.
Flavor | Version | Tinstall | Tcheck | Ttotal | Status | Flags |
---|---|---|---|---|---|---|
r-devel-linux-x86_64-debian-clang | 0.1.3 | 10.39 | 174.07 | 184.46 | NOTE | |
r-devel-linux-x86_64-debian-gcc | 0.1.3 | 6.80 | 120.27 | 127.07 | OK | |
r-devel-linux-x86_64-fedora-clang | 0.1.3 | 277.55 | OK | |||
r-devel-linux-x86_64-fedora-gcc | 0.1.3 | 278.90 | OK | |||
r-devel-windows-x86_64 | 0.1.3 | 11.00 | 172.00 | 183.00 | OK | |
r-patched-linux-x86_64 | 0.1.3 | 9.22 | 168.62 | 177.84 | OK | |
r-release-linux-x86_64 | 0.1.3 | 10.17 | 167.28 | 177.45 | OK | |
r-release-macos-arm64 | 0.1.3 | 86.00 | OK | |||
r-release-macos-x86_64 | 0.1.3 | 165.00 | OK | |||
r-release-windows-x86_64 | 0.1.3 | 12.00 | 171.00 | 183.00 | OK | |
r-oldrel-macos-arm64 | 0.1.3 | 88.00 | OK | |||
r-oldrel-macos-x86_64 | 0.1.3 | 131.00 | OK | |||
r-oldrel-windows-x86_64 | 0.1.3 | 12.00 | 220.00 | 232.00 | OK |
Version: 0.1.3
Check: examples
Result: NOTE
Examples with CPU (user + system) or elapsed time > 5s
user system elapsed
importance.train 3.945 0.08 5.493
Flavor: r-devel-linux-x86_64-debian-clang