Last updated on 2025-04-30 04:50:22 CEST.
Flavor | Version | Tinstall | Tcheck | Ttotal | Status | Flags |
---|---|---|---|---|---|---|
r-devel-linux-x86_64-debian-clang | 0.3-4 | 11.36 | 91.66 | 103.02 | OK | |
r-devel-linux-x86_64-debian-gcc | 0.3-4 | 7.04 | 62.25 | 69.29 | OK | |
r-devel-linux-x86_64-fedora-clang | 0.3-4 | 173.42 | OK | |||
r-devel-linux-x86_64-fedora-gcc | 0.3-4 | 171.33 | OK | |||
r-devel-windows-x86_64 | 0.3-4 | 11.00 | 137.00 | 148.00 | OK | |
r-patched-linux-x86_64 | 0.3-4 | 11.29 | 83.96 | 95.25 | OK | |
r-release-linux-x86_64 | 0.3-4 | 9.75 | 84.65 | 94.40 | OK | |
r-release-macos-arm64 | 0.3-4 | 87.00 | OK | |||
r-release-macos-x86_64 | 0.3-4 | 137.00 | OK | |||
r-release-windows-x86_64 | 0.3-4 | 14.00 | 141.00 | 155.00 | OK | |
r-oldrel-macos-arm64 | 0.3-4 | 86.00 | NOTE | |||
r-oldrel-macos-x86_64 | 0.3-4 | 154.00 | NOTE | |||
r-oldrel-windows-x86_64 | 0.3-4 | 15.00 | 160.00 | 175.00 | NOTE |
Version: 0.3-4
Check: package dependencies
Result: NOTE
Package suggested but not available for checking: ‘toscaData’
Flavors: r-oldrel-macos-arm64, r-oldrel-macos-x86_64, r-oldrel-windows-x86_64