Last updated on 2025-04-30 04:50:22 CEST.
Flavor | Version | Tinstall | Tcheck | Ttotal | Status | Flags |
---|---|---|---|---|---|---|
r-devel-linux-x86_64-debian-clang | 0.6.6 | 14.88 | 56.12 | 71.00 | NOTE | |
r-devel-linux-x86_64-debian-gcc | 0.6.6 | 9.66 | 39.36 | 49.02 | NOTE | |
r-devel-linux-x86_64-fedora-clang | 0.6.6 | 112.13 | OK | |||
r-devel-linux-x86_64-fedora-gcc | 0.6.6 | 105.37 | OK | |||
r-devel-windows-x86_64 | 0.6.6 | 17.00 | 81.00 | 98.00 | OK | |
r-patched-linux-x86_64 | 0.6.6 | 14.83 | 52.52 | 67.35 | OK | |
r-release-linux-x86_64 | 0.6.6 | 14.34 | 52.18 | 66.52 | OK | |
r-release-macos-arm64 | 0.6.6 | 41.00 | OK | |||
r-release-macos-x86_64 | 0.6.6 | 66.00 | OK | |||
r-release-windows-x86_64 | 0.6.6 | 18.00 | 82.00 | 100.00 | OK | |
r-oldrel-macos-arm64 | 0.6.6 | 33.00 | NOTE | |||
r-oldrel-macos-x86_64 | 0.6.6 | 50.00 | NOTE | |||
r-oldrel-windows-x86_64 | 0.6.6 | 20.00 | 89.00 | 109.00 | OK |
Version: 0.6.6
Check: CRAN incoming feasibility
Result: NOTE
Maintainer: ‘Guanglai Li <liguanglai@gmail.com>’
No Authors@R field in DESCRIPTION.
Please add one, modifying
Authors@R: person(given = "Guanglai",
family = "Li",
role = c("aut", "cre"),
email = "liguanglai@gmail.com")
as necessary.
Flavors: r-devel-linux-x86_64-debian-clang, r-devel-linux-x86_64-debian-gcc
Version: 0.6.6
Check: installed package size
Result: NOTE
installed size is 5.6Mb
sub-directories of 1Mb or more:
data 5.2Mb
Flavors: r-oldrel-macos-arm64, r-oldrel-macos-x86_64