Last updated on 2025-04-30 04:50:22 CEST.
Flavor | Version | Tinstall | Tcheck | Ttotal | Status | Flags |
---|---|---|---|---|---|---|
r-devel-linux-x86_64-debian-clang | 1.0 | 7.95 | 60.40 | 68.35 | NOTE | |
r-devel-linux-x86_64-debian-gcc | 1.0 | 4.75 | 44.49 | 49.24 | NOTE | |
r-devel-linux-x86_64-fedora-clang | 1.0 | 113.98 | OK | |||
r-devel-linux-x86_64-fedora-gcc | 1.0 | 99.98 | OK | |||
r-devel-windows-x86_64 | 1.0 | 9.00 | 76.00 | 85.00 | OK | |
r-patched-linux-x86_64 | 1.0 | 7.32 | 57.39 | 64.71 | OK | |
r-release-linux-x86_64 | 1.0 | 7.41 | 57.30 | 64.71 | OK | |
r-release-macos-arm64 | 1.0 | 39.00 | OK | |||
r-release-macos-x86_64 | 1.0 | 61.00 | OK | |||
r-release-windows-x86_64 | 1.0 | 10.00 | 76.00 | 86.00 | OK | |
r-oldrel-macos-arm64 | 1.0 | 30.00 | OK | |||
r-oldrel-macos-x86_64 | 1.0 | 47.00 | OK | |||
r-oldrel-windows-x86_64 | 1.0 | 11.00 | 85.00 | 96.00 | OK |
Version: 1.0
Check: CRAN incoming feasibility
Result: NOTE
Maintainer: ‘Ronja Foraita <foraita@leibniz-bips.de>’
The Description field contains
<arXiv:2108.13395> provide a guide how to use tpc to analyse cohort
Please refer to arXiv e-prints via their arXiv DOI <doi:10.48550/arXiv.YYMM.NNNNN>.
Flavors: r-devel-linux-x86_64-debian-clang, r-devel-linux-x86_64-debian-gcc