Last updated on 2025-04-30 04:50:22 CEST.
Flavor | Version | Tinstall | Tcheck | Ttotal | Status | Flags |
---|---|---|---|---|---|---|
r-devel-linux-x86_64-debian-clang | 1.10 | 5.69 | 45.47 | 51.16 | NOTE | |
r-devel-linux-x86_64-debian-gcc | 1.10 | 3.46 | 32.52 | 35.98 | OK | |
r-devel-linux-x86_64-fedora-clang | 1.10 | 78.93 | OK | |||
r-devel-linux-x86_64-fedora-gcc | 1.10 | 75.57 | OK | |||
r-devel-windows-x86_64 | 1.10 | 6.00 | 67.00 | 73.00 | OK | |
r-patched-linux-x86_64 | 1.10 | 5.02 | 43.24 | 48.26 | OK | |
r-release-linux-x86_64 | 1.10 | 4.26 | 42.78 | 47.04 | OK | |
r-release-macos-arm64 | 1.10 | 27.00 | OK | |||
r-release-macos-x86_64 | 1.10 | 50.00 | OK | |||
r-release-windows-x86_64 | 1.10 | 8.00 | 63.00 | 71.00 | OK | |
r-oldrel-macos-arm64 | 1.10 | 31.00 | OK | |||
r-oldrel-macos-x86_64 | 1.10 | 86.00 | OK | |||
r-oldrel-windows-x86_64 | 1.10 | 8.00 | 72.00 | 80.00 | OK |
Version: 1.10
Check: examples
Result: NOTE
Examples with CPU (user + system) or elapsed time > 5s
user system elapsed
est.stpn 6.165 0.11 7.779
Flavor: r-devel-linux-x86_64-debian-clang