CRAN Package Check Results for Package tpr

Last updated on 2025-04-30 04:50:22 CEST.

Flavor Version Tinstall Tcheck Ttotal Status Flags
r-devel-linux-x86_64-debian-clang 0.3-3 17.68 25.96 43.64 NOTE
r-devel-linux-x86_64-debian-gcc 0.3-3 11.81 20.45 32.26 NOTE
r-devel-linux-x86_64-fedora-clang 0.3-3 81.70 OK
r-devel-linux-x86_64-fedora-gcc 0.3-3 70.91 OK
r-devel-windows-x86_64 0.3-3 22.00 55.00 77.00 OK
r-patched-linux-x86_64 0.3-3 17.32 25.57 42.89 OK
r-release-linux-x86_64 0.3-3 17.42 25.82 43.24 OK
r-release-macos-arm64 0.3-3 25.00 OK
r-release-macos-x86_64 0.3-3 39.00 OK
r-release-windows-x86_64 0.3-3 22.00 57.00 79.00 OK
r-oldrel-macos-arm64 0.3-3 25.00 OK
r-oldrel-macos-x86_64 0.3-3 31.00 OK
r-oldrel-windows-x86_64 0.3-3 23.00 53.00 76.00 OK

Check Details

Version: 0.3-3
Check: CRAN incoming feasibility
Result: NOTE Maintainer: ‘Jun Yan <jun.yan@uconn.edu>’ No Authors@R field in DESCRIPTION. Please add one, modifying Authors@R: person(given = "Jun", family = "Yan", role = c("aut", "cre"), email = "jun.yan@uconn.edu") as necessary. Package CITATION file contains call(s) to old-style personList() or as.personList(). Please use c() on person objects instead. Package CITATION file contains call(s) to old-style citEntry(). Please use bibentry() instead. Flavors: r-devel-linux-x86_64-debian-clang, r-devel-linux-x86_64-debian-gcc

Version: 0.3-3
Check: examples
Result: NOTE Examples with CPU (user + system) or elapsed time > 5s user system elapsed dnase 5.217 0.031 6.282 Flavor: r-devel-linux-x86_64-debian-clang