Last updated on 2025-04-30 04:50:22 CEST.
Flavor | Version | Tinstall | Tcheck | Ttotal | Status | Flags |
---|---|---|---|---|---|---|
r-devel-linux-x86_64-debian-clang | 0.6.0 | 21.48 | 138.80 | 160.28 | NOTE | |
r-devel-linux-x86_64-debian-gcc | 0.6.0 | 13.52 | 99.21 | 112.73 | OK | |
r-devel-linux-x86_64-fedora-clang | 0.6.0 | 258.05 | OK | |||
r-devel-linux-x86_64-fedora-gcc | 0.6.0 | 262.41 | OK | |||
r-devel-windows-x86_64 | 0.6.0 | 21.00 | 141.00 | 162.00 | OK | |
r-patched-linux-x86_64 | 0.6.0 | 18.71 | 130.71 | 149.42 | OK | |
r-release-linux-x86_64 | 0.6.0 | 19.52 | 130.87 | 150.39 | OK | |
r-release-macos-arm64 | 0.6.0 | 80.00 | OK | |||
r-release-macos-x86_64 | 0.6.0 | 148.00 | OK | |||
r-release-windows-x86_64 | 0.6.0 | 21.00 | 141.00 | 162.00 | OK | |
r-oldrel-macos-arm64 | 0.6.0 | 72.00 | OK | |||
r-oldrel-macos-x86_64 | 0.6.0 | 133.00 | OK | |||
r-oldrel-windows-x86_64 | 0.6.0 | 26.00 | 179.00 | 205.00 | OK |
Version: 0.6.0
Check: examples
Result: NOTE
Examples with CPU (user + system) or elapsed time > 5s
user system elapsed
assign_index_peaks 3.67 0.128 5.333
Flavor: r-devel-linux-x86_64-debian-clang