CRAN Package Check Results for Package trade

Last updated on 2025-04-30 04:50:22 CEST.

Flavor Version Tinstall Tcheck Ttotal Status Flags
r-devel-linux-x86_64-debian-clang 0.8.1 19.98 42.00 61.98 NOTE
r-devel-linux-x86_64-debian-gcc 0.8.1 12.15 32.66 44.81 NOTE
r-devel-linux-x86_64-fedora-clang 0.8.1 106.05 NOTE
r-devel-linux-x86_64-fedora-gcc 0.8.1 107.56 NOTE
r-devel-windows-x86_64 0.8.1 18.00 66.00 84.00 NOTE
r-patched-linux-x86_64 0.8.1 17.70 40.92 58.62 NOTE
r-release-linux-x86_64 0.8.1 20.76 40.35 61.11 NOTE
r-release-macos-arm64 0.8.1 42.00 NOTE
r-release-macos-x86_64 0.8.1 75.00 NOTE
r-release-windows-x86_64 0.8.1 18.00 65.00 83.00 NOTE
r-oldrel-macos-arm64 0.8.1 37.00 NOTE
r-oldrel-macos-x86_64 0.8.1 57.00 NOTE
r-oldrel-windows-x86_64 0.8.1 19.00 72.00 91.00 NOTE

Check Details

Version: 0.8.1
Check: CRAN incoming feasibility
Result: NOTE Maintainer: ‘Charles Taragin <ctaragin+trader@gmail.com>’ No Authors@R field in DESCRIPTION. Please add one, modifying Authors@R: person(given = "Charles", family = "Taragin", role = c("aut", "cre"), email = "ctaragin+trader@gmail.com") as necessary. Flavors: r-devel-linux-x86_64-debian-clang, r-devel-linux-x86_64-debian-gcc

Version: 0.8.1
Check: Rd files
Result: NOTE checkRd: (-1) Sim-Functions.Rd:99: Lost braces in \itemize; meant \describe ? checkRd: (-1) Sim-Functions.Rd:100-102: Lost braces in \itemize; meant \describe ? checkRd: (-1) Sim-Functions.Rd:108: Lost braces in \itemize; meant \describe ? checkRd: (-1) Sim-Functions.Rd:109-110: Lost braces in \itemize; meant \describe ? checkRd: (-1) Sim-Functions.Rd:111-113: Lost braces in \itemize; meant \describe ? checkRd: (-1) Sim-Functions.Rd:114-116: Lost braces in \itemize; meant \describe ? Flavors: r-devel-linux-x86_64-debian-clang, r-devel-linux-x86_64-debian-gcc, r-devel-linux-x86_64-fedora-clang, r-devel-linux-x86_64-fedora-gcc, r-devel-windows-x86_64, r-patched-linux-x86_64, r-release-linux-x86_64, r-release-macos-arm64, r-release-macos-x86_64, r-release-windows-x86_64, r-oldrel-macos-arm64, r-oldrel-macos-x86_64, r-oldrel-windows-x86_64

Version: 0.8.1
Check: Rd cross-references
Result: NOTE Found the following Rd file(s) with Rd \link{} targets missing package anchors: Sim-Functions.Rd: Logit-class, CES-class cournot_tariff.Rd: Cournot-class Please provide package anchors for all Rd \link{} targets not in the package itself and the base packages. Flavors: r-devel-linux-x86_64-debian-clang, r-devel-linux-x86_64-debian-gcc, r-devel-windows-x86_64, r-patched-linux-x86_64, r-release-linux-x86_64, r-release-windows-x86_64