Last updated on 2025-04-30 04:50:22 CEST.
Flavor | Version | Tinstall | Tcheck | Ttotal | Status | Flags |
---|---|---|---|---|---|---|
r-devel-linux-x86_64-debian-clang | 2.2.0 | 15.69 | 135.51 | 151.20 | NOTE | |
r-devel-linux-x86_64-debian-gcc | 2.2.0 | 11.21 | 92.94 | 104.15 | NOTE | |
r-devel-linux-x86_64-fedora-clang | 2.2.0 | 236.09 | NOTE | |||
r-devel-linux-x86_64-fedora-gcc | 2.2.0 | 228.11 | NOTE | |||
r-devel-windows-x86_64 | 2.2.0 | 18.00 | 144.00 | 162.00 | NOTE | |
r-patched-linux-x86_64 | 2.2.0 | 15.80 | 122.54 | 138.34 | NOTE | |
r-release-linux-x86_64 | 2.2.0 | 16.52 | 122.56 | 139.08 | NOTE | |
r-release-macos-arm64 | 2.2.0 | 60.00 | NOTE | |||
r-release-macos-x86_64 | 2.2.0 | 103.00 | NOTE | |||
r-release-windows-x86_64 | 2.2.0 | 18.00 | 138.00 | 156.00 | NOTE | |
r-oldrel-macos-arm64 | 2.2.0 | 58.00 | OK | |||
r-oldrel-macos-x86_64 | 2.2.0 | 85.00 | OK | |||
r-oldrel-windows-x86_64 | 2.2.0 | 24.00 | 174.00 | 198.00 | OK |
Version: 2.2.0
Check: DESCRIPTION meta-information
Result: NOTE
Missing dependency on R >= 4.1.0 because package code uses the pipe
|> or function shorthand \(...) syntax added in R 4.1.0.
File(s) using such syntax:
‘predict.R’ ‘train.R’ ‘variables.R’
Flavors: r-devel-linux-x86_64-debian-clang, r-devel-linux-x86_64-debian-gcc, r-devel-linux-x86_64-fedora-clang, r-devel-linux-x86_64-fedora-gcc, r-devel-windows-x86_64, r-patched-linux-x86_64, r-release-linux-x86_64, r-release-macos-arm64, r-release-macos-x86_64, r-release-windows-x86_64