Last updated on 2025-11-04 03:51:12 CET.
| Flavor | Version | Tinstall | Tcheck | Ttotal | Status | Flags | 
|---|---|---|---|---|---|---|
| r-devel-linux-x86_64-debian-clang | 0.1.0 | 12.33 | 231.89 | 244.22 | NOTE | |
| r-devel-linux-x86_64-debian-gcc | 0.1.0 | 6.87 | 157.27 | 164.14 | NOTE | |
| r-devel-linux-x86_64-fedora-clang | 0.1.0 | 23.00 | 363.88 | 386.88 | NOTE | |
| r-devel-linux-x86_64-fedora-gcc | 0.1.0 | 24.00 | 382.33 | 406.33 | NOTE | |
| r-devel-windows-x86_64 | 0.1.0 | 13.00 | 227.00 | 240.00 | NOTE | |
| r-patched-linux-x86_64 | 0.1.0 | 10.25 | 219.32 | 229.57 | NOTE | |
| r-release-linux-x86_64 | 0.1.0 | 9.18 | 218.54 | 227.72 | NOTE | |
| r-release-macos-arm64 | 0.1.0 | 5.00 | 115.00 | 120.00 | NOTE | |
| r-release-macos-x86_64 | 0.1.0 | 9.00 | 221.00 | 230.00 | NOTE | |
| r-release-windows-x86_64 | 0.1.0 | 12.00 | 228.00 | 240.00 | NOTE | |
| r-oldrel-macos-arm64 | 0.1.0 | 5.00 | 105.00 | 110.00 | NOTE | |
| r-oldrel-macos-x86_64 | 0.1.0 | 7.00 | 170.00 | 177.00 | NOTE | |
| r-oldrel-windows-x86_64 | 0.1.0 | 17.00 | 305.00 | 322.00 | NOTE | 
Version: 0.1.0
Check: Rd files
Result: NOTE
  checkRd: (-1) trait_missing.Rd:17-18: Lost braces in \itemize; \value handles \item{}{} directly
  checkRd: (-1) trait_missing.Rd:19-20: Lost braces in \itemize; \value handles \item{}{} directly
  checkRd: (-1) trait_missing.Rd:21-22: Lost braces in \itemize; \value handles \item{}{} directly
  checkRd: (-1) trait_missing.Rd:23-24: Lost braces in \itemize; \value handles \item{}{} directly
Flavors: r-devel-linux-x86_64-debian-clang, r-devel-linux-x86_64-debian-gcc, r-devel-linux-x86_64-fedora-clang, r-devel-linux-x86_64-fedora-gcc, r-devel-windows-x86_64, r-patched-linux-x86_64, r-release-linux-x86_64, r-release-macos-arm64, r-release-macos-x86_64, r-release-windows-x86_64, r-oldrel-macos-arm64, r-oldrel-macos-x86_64, r-oldrel-windows-x86_64