Last updated on 2025-04-30 04:50:22 CEST.
Flavor | Version | Tinstall | Tcheck | Ttotal | Status | Flags |
---|---|---|---|---|---|---|
r-devel-linux-x86_64-debian-clang | 0.2-9 | 12.63 | 144.27 | 156.90 | NOTE | |
r-devel-linux-x86_64-debian-gcc | 0.2-9 | 8.57 | 103.79 | 112.36 | NOTE | |
r-devel-linux-x86_64-fedora-clang | 0.2-9 | 248.46 | OK | |||
r-devel-linux-x86_64-fedora-gcc | 0.2-9 | 246.95 | OK | |||
r-devel-windows-x86_64 | 0.2-9 | 12.00 | 177.00 | 189.00 | OK | |
r-patched-linux-x86_64 | 0.2-9 | 12.39 | 135.21 | 147.60 | NOTE | |
r-release-linux-x86_64 | 0.2-9 | 11.35 | 139.04 | 150.39 | NOTE | |
r-release-macos-arm64 | 0.2-9 | 81.00 | OK | |||
r-release-macos-x86_64 | 0.2-9 | 157.00 | OK | |||
r-release-windows-x86_64 | 0.2-9 | 12.00 | 182.00 | 194.00 | OK | |
r-oldrel-macos-arm64 | 0.2-9 | 77.00 | NOTE | |||
r-oldrel-macos-x86_64 | 0.2-9 | 174.00 | NOTE | |||
r-oldrel-windows-x86_64 | 0.2-9 | 15.00 | 215.00 | 230.00 | NOTE |
Version: 0.2-9
Check: examples
Result: NOTE
Examples with CPU (user + system) or elapsed time > 5s
user system elapsed
as.list.TracksCollection 5.850 0.102 6.524
pcfinhom.Track 5.226 0.155 7.302
Kinhom.Track 4.835 0.090 5.523
Flavor: r-devel-linux-x86_64-debian-clang
Version: 0.2-9
Check: for unstated dependencies in ‘demo’
Result: NOTE
'::' or ':::' import not declared from: ‘devtools’
'library' or 'require' calls not declared from:
‘XML’ ‘devtools’ ‘jsonlite’ ‘ks’ ‘maps’
Flavors: r-devel-linux-x86_64-debian-clang, r-devel-linux-x86_64-debian-gcc, r-patched-linux-x86_64, r-release-linux-x86_64
Version: 0.2-9
Check: package dependencies
Result: NOTE
Package suggested but not available for checking: ‘taxidata’
Flavors: r-oldrel-macos-arm64, r-oldrel-macos-x86_64, r-oldrel-windows-x86_64