Last updated on 2025-04-30 04:50:22 CEST.
Flavor | Version | Tinstall | Tcheck | Ttotal | Status | Flags |
---|---|---|---|---|---|---|
r-devel-linux-x86_64-debian-clang | 1.2-1 | 11.92 | 789.76 | 801.68 | NOTE | |
r-devel-linux-x86_64-debian-gcc | 1.2-1 | 8.08 | 497.67 | 505.75 | NOTE | |
r-devel-linux-x86_64-fedora-clang | 1.2-1 | 1303.80 | OK | |||
r-devel-linux-x86_64-fedora-gcc | 1.2-1 | 856.70 | OK | |||
r-devel-windows-x86_64 | 1.2-1 | 12.00 | 411.00 | 423.00 | OK | |
r-patched-linux-x86_64 | 1.2-1 | 12.06 | 775.48 | 787.54 | OK | |
r-release-linux-x86_64 | 1.2-1 | 11.16 | 783.46 | 794.62 | OK | |
r-release-macos-arm64 | 1.2-1 | 357.00 | OK | |||
r-release-macos-x86_64 | 1.2-1 | 889.00 | OK | |||
r-release-windows-x86_64 | 1.2-1 | 14.00 | 402.00 | 416.00 | OK | |
r-oldrel-macos-arm64 | 1.2-1 | 307.00 | OK | |||
r-oldrel-macos-x86_64 | 1.2-1 | 652.00 | OK | |||
r-oldrel-windows-x86_64 | 1.2-1 | 15.00 | 583.00 | 598.00 | OK |
Version: 1.2-1
Check: examples
Result: NOTE
Examples with CPU (user + system) or elapsed time > 5s
user system elapsed
tram-methods 7.748 0.071 11.361
mmlt 7.624 0.080 10.976
perm_test 6.139 0.055 8.729
Coxph 4.972 0.040 6.953
Flavor: r-devel-linux-x86_64-debian-clang
Version: 1.2-1
Check: examples
Result: NOTE
Examples with CPU (user + system) or elapsed time > 5s
user system elapsed
tram-methods 5.713 0.058 7.523
mmlt 4.191 0.081 5.615
Flavor: r-devel-linux-x86_64-debian-gcc