Last updated on 2025-04-30 04:50:22 CEST.
Flavor | Version | Tinstall | Tcheck | Ttotal | Status | Flags |
---|---|---|---|---|---|---|
r-devel-linux-x86_64-debian-clang | 0.0-8 | 16.44 | 314.10 | 330.54 | NOTE | |
r-devel-linux-x86_64-debian-gcc | 0.0-8 | 11.68 | 201.96 | 213.64 | NOTE | |
r-devel-linux-x86_64-fedora-clang | 0.0-8 | 543.65 | OK | |||
r-devel-linux-x86_64-fedora-gcc | 0.0-8 | 476.95 | OK | |||
r-devel-windows-x86_64 | 0.0-8 | 19.00 | 323.00 | 342.00 | OK | |
r-patched-linux-x86_64 | 0.0-8 | 17.29 | 296.79 | 314.08 | OK | |
r-release-linux-x86_64 | 0.0-8 | 14.62 | 299.53 | 314.15 | OK | |
r-release-macos-arm64 | 0.0-8 | 143.00 | OK | |||
r-release-macos-x86_64 | 0.0-8 | 285.00 | OK | |||
r-release-windows-x86_64 | 0.0-8 | 20.00 | 303.00 | 323.00 | OK | |
r-oldrel-macos-arm64 | 0.0-8 | 156.00 | OK | |||
r-oldrel-macos-x86_64 | 0.0-8 | 223.00 | OK | |||
r-oldrel-windows-x86_64 | 0.0-8 | 24.00 | 403.00 | 427.00 | OK |
Version: 0.0-8
Check: CRAN incoming feasibility
Result: NOTE
Maintainer: ‘Lucas Kook <lucasheinrich.kook@gmail.com>’
The Description field contains
<doi:10.1111/sjos.12291> and Bischl et al. (2016) <arxiv:1703.03373>,
Please refer to arXiv e-prints via their arXiv DOI <doi:10.48550/arXiv.YYMM.NNNNN>.
Flavors: r-devel-linux-x86_64-debian-clang, r-devel-linux-x86_64-debian-gcc