Last updated on 2025-11-04 03:51:12 CET.
| Flavor | Version | Tinstall | Tcheck | Ttotal | Status | Flags | 
|---|---|---|---|---|---|---|
| r-devel-linux-x86_64-debian-clang | 0.0-9 | 19.23 | 331.14 | 350.37 | OK | |
| r-devel-linux-x86_64-debian-gcc | 0.0-9 | 13.75 | 214.32 | 228.07 | OK | |
| r-devel-linux-x86_64-fedora-clang | 0.0-9 | 87.00 | 451.93 | 538.93 | WARN | |
| r-devel-linux-x86_64-fedora-gcc | 0.0-9 | 36.00 | 354.17 | 390.17 | WARN | |
| r-devel-windows-x86_64 | 0.0-9 | 21.00 | 308.00 | 329.00 | OK | |
| r-patched-linux-x86_64 | 0.0-9 | 17.88 | 315.05 | 332.93 | OK | |
| r-release-linux-x86_64 | 0.0-9 | 17.11 | 316.44 | 333.55 | OK | |
| r-release-macos-arm64 | 0.0-9 | 8.00 | 134.00 | 142.00 | OK | |
| r-release-macos-x86_64 | 0.0-9 | 11.00 | 173.00 | 184.00 | OK | |
| r-release-windows-x86_64 | 0.0-9 | 19.00 | 308.00 | 327.00 | OK | |
| r-oldrel-macos-arm64 | 0.0-9 | 9.00 | 156.00 | 165.00 | OK | |
| r-oldrel-macos-x86_64 | 0.0-9 | 16.00 | 324.00 | 340.00 | OK | |
| r-oldrel-windows-x86_64 | 0.0-9 | 28.00 | 412.00 | 440.00 | OK | 
Version: 0.0-9
Check: re-building of vignette outputs
Result: WARN
  Error(s) in re-building vignettes:
  --- re-building ‘tramnet.Rnw’ using knitr
  
  warning: solve(): system is singular; attempting approx solution
  
  warning: solve(): system is singular; attempting approx solution
  
  warning: solve(): system is singular; attempting approx solution
  
  warning: solve(): system is singular; attempting approx solution
  
  warning: solve(): system is singular; attempting approx solution
  
  warning: solve(): system is singular (rcond: 1.1417e-18); attempting approx solution
  
  warning: solve(): system is singular (rcond: 1.1417e-18); attempting approx solution
  
  warning: solve(): system is singular (rcond: 1.1417e-18); attempting approx solution
  
  warning: solve(): system is singular (rcond: 1.1417e-18); attempting approx solution
  
  warning: solve(): system is singular (rcond: 1.1417e-18); attempting approx solution
  
  warning: solve(): system is singular (rcond: 1.28302e-17); attempting approx solution
  
  warning: solve(): system is singular (rcond: 1.28302e-17); attempting approx solution
  
  warning: solve(): system is singular (rcond: 1.28302e-17); attempting approx solution
  
  warning: solve(): system is singular (rcond: 1.28302e-17); attempting approx solution
  
  warning: solve(): system is singular (rcond: 1.28302e-17); attempting approx solution
  
  warning: solve(): system is singular; attempting approx solution
  
  warning: solve(): system is singular; attempting approx solution
  
  warning: solve(): system is singular; attempting approx solution
  
  warning: solve(): system is singular; attempting approx solution
  
  warning: solve(): system is singular; attempting approx solution
  
  warning: solve(): system is singular (rcond: 1.28302e-17); attempting approx solution
  
  warning: solve(): system is singular (rcond: 1.28302e-17); attempting approx solution
  
  warning: solve(): system is singular (rcond: 1.28302e-17); attempting approx solution
  
  warning: solve(): system is singular (rcond: 1.28302e-17); attempting approx solution
  
  warning: solve(): system is singular (rcond: 1.28302e-17); attempting approx solution
  
  warning: solve(): system is singular; attempting approx solution
  
  warning: solve(): system is singular; attempting approx solution
  
  warning: solve(): system is singular; attempting approx solution
  
  warning: solve(): system is singular; attempting approx solution
  
  warning: solve(): system is singular; attempting approx solution
  
  warning: solve(): system is singular (rcond: 1.28302e-17); attempting approx solution
  
  warning: solve(): system is singular (rcond: 1.28302e-17); attempting approx solution
  
  warning: solve(): system is singular (rcond: 1.28302e-17); attempting approx solution
  
  warning: solve(): system is singular (rcond: 1.28302e-17); attempting approx solution
  
  warning: solve(): system is singular (rcond: 1.28302e-17); attempting approx solution
  
  warning: solve(): system is singular (rcond: 1.28302e-17); attempting approx solution
  
  warning: solve(): system is singular (rcond: 1.28302e-17); attempting approx solution
  
  warning: solve(): system is singular (rcond: 1.28302e-17); attempting approx solution
  
  warning: solve(): system is singular (rcond: 1.28302e-17); attempting approx solution
  
  warning: solve(): system is singular (rcond: 1.28302e-17); attempting approx solution
  Error: processing vignette 'tramnet.Rnw' failed with diagnostics:
  Running 'texi2dvi' on 'tramnet.tex' failed.
  LaTeX errors:
  ! LaTeX Error: Missing \begin{document}.
  
  See the LaTeX manual or LaTeX Companion for explanation.
  Type  H <return>  for immediate help.
   ...                                              
  ! Emergency stop.
   ...                                              
                                                    
  l.208  \DeclareMathOperator{\Chi1}{\chi^2_1}
                                              
  !  ==> Fatal error occurred, no output PDF file produced!
  --- failed re-building ‘tramnet.Rnw’
  
  SUMMARY: processing the following file failed:
    ‘tramnet.Rnw’
  
  Error: Vignette re-building failed.
  Execution halted
Flavor: r-devel-linux-x86_64-fedora-clang
Version: 0.0-9
Check: re-building of vignette outputs
Result: WARN
  Error(s) in re-building vignettes:
  --- re-building ‘tramnet.Rnw’ using knitr
  
  warning: solve(): system is singular (rcond: 2.23258e-20); attempting approx solution
  
  warning: solve(): system is singular (rcond: 2.23258e-20); attempting approx solution
  
  warning: solve(): system is singular (rcond: 2.23258e-20); attempting approx solution
  
  warning: solve(): system is singular (rcond: 2.23258e-20); attempting approx solution
  
  warning: solve(): system is singular (rcond: 2.23258e-20); attempting approx solution
  
  warning: solve(): system is singular; attempting approx solution
  
  warning: solve(): system is singular; attempting approx solution
  
  warning: solve(): system is singular; attempting approx solution
  
  warning: solve(): system is singular; attempting approx solution
  
  warning: solve(): system is singular; attempting approx solution
  
  warning: solve(): system is singular (rcond: 1.28302e-17); attempting approx solution
  
  warning: solve(): system is singular (rcond: 1.28302e-17); attempting approx solution
  
  warning: solve(): system is singular (rcond: 1.28302e-17); attempting approx solution
  
  warning: solve(): system is singular (rcond: 1.28302e-17); attempting approx solution
  
  warning: solve(): system is singular (rcond: 1.28302e-17); attempting approx solution
  
  warning: solve(): system is singular; attempting approx solution
  
  warning: solve(): system is singular; attempting approx solution
  
  warning: solve(): system is singular; attempting approx solution
  
  warning: solve(): system is singular; attempting approx solution
  
  warning: solve(): system is singular; attempting approx solution
  
  warning: solve(): system is singular (rcond: 1.28302e-17); attempting approx solution
  
  warning: solve(): system is singular (rcond: 1.28302e-17); attempting approx solution
  
  warning: solve(): system is singular (rcond: 1.28302e-17); attempting approx solution
  
  warning: solve(): system is singular (rcond: 1.28302e-17); attempting approx solution
  
  warning: solve(): system is singular (rcond: 1.28302e-17); attempting approx solution
  
  warning: solve(): system is singular; attempting approx solution
  
  warning: solve(): system is singular; attempting approx solution
  
  warning: solve(): system is singular; attempting approx solution
  
  warning: solve(): system is singular; attempting approx solution
  
  warning: solve(): system is singular; attempting approx solution
  
  warning: solve(): system is singular (rcond: 1.28302e-17); attempting approx solution
  
  warning: solve(): system is singular (rcond: 1.28302e-17); attempting approx solution
  
  warning: solve(): system is singular (rcond: 1.28302e-17); attempting approx solution
  
  warning: solve(): system is singular (rcond: 1.28302e-17); attempting approx solution
  
  warning: solve(): system is singular (rcond: 1.28302e-17); attempting approx solution
  
  warning: solve(): system is singular (rcond: 1.28302e-17); attempting approx solution
  
  warning: solve(): system is singular (rcond: 1.28302e-17); attempting approx solution
  
  warning: solve(): system is singular (rcond: 1.28302e-17); attempting approx solution
  
  warning: solve(): system is singular (rcond: 1.28302e-17); attempting approx solution
  
  warning: solve(): system is singular (rcond: 1.28302e-17); attempting approx solution
  Error: processing vignette 'tramnet.Rnw' failed with diagnostics:
  Running 'texi2dvi' on 'tramnet.tex' failed.
  LaTeX errors:
  ! LaTeX Error: Missing \begin{document}.
  
  See the LaTeX manual or LaTeX Companion for explanation.
  Type  H <return>  for immediate help.
   ...                                              
  ! Emergency stop.
   ...                                              
                                                    
  l.208  \DeclareMathOperator{\Chi1}{\chi^2_1}
                                              
  !  ==> Fatal error occurred, no output PDF file produced!
  --- failed re-building ‘tramnet.Rnw’
  
  SUMMARY: processing the following file failed:
    ‘tramnet.Rnw’
  
  Error: Vignette re-building failed.
  Execution halted
Flavor: r-devel-linux-x86_64-fedora-gcc