Last updated on 2025-04-30 04:50:22 CEST.
Flavor | Version | Tinstall | Tcheck | Ttotal | Status | Flags |
---|---|---|---|---|---|---|
r-devel-linux-x86_64-debian-clang | 1.70.5 | 59.64 | 137.25 | 196.89 | OK | |
r-devel-linux-x86_64-debian-gcc | 1.70.5 | 45.99 | 93.12 | 139.11 | OK | |
r-devel-linux-x86_64-fedora-clang | 1.70.5 | 349.75 | OK | |||
r-devel-linux-x86_64-fedora-gcc | 1.70.5 | 361.40 | OK | |||
r-devel-windows-x86_64 | 1.70.5 | 75.00 | 207.00 | 282.00 | OK | |
r-patched-linux-x86_64 | 1.70.5 | 66.59 | 134.05 | 200.64 | OK | |
r-release-linux-x86_64 | 1.70.5 | 63.34 | 133.69 | 197.03 | OK | |
r-release-macos-arm64 | 1.70.5 | 104.00 | OK | |||
r-release-macos-x86_64 | 1.70.5 | 159.00 | OK | |||
r-release-windows-x86_64 | 1.70.5 | 73.00 | 207.00 | 280.00 | OK | |
r-oldrel-macos-arm64 | 1.70.5 | 101.00 | NOTE | |||
r-oldrel-macos-x86_64 | 1.70.5 | 168.00 | NOTE | |||
r-oldrel-windows-x86_64 | 1.70.5 | 82.00 | 237.00 | 319.00 | OK |
Version: 1.70.5
Check: installed package size
Result: NOTE
installed size is 8.6Mb
sub-directories of 1Mb or more:
doc 3.1Mb
libs 5.0Mb
Flavors: r-oldrel-macos-arm64, r-oldrel-macos-x86_64