CRAN Package Check Results for Package trekcolors

Last updated on 2025-04-30 04:50:22 CEST.

Flavor Version Tinstall Tcheck Ttotal Status Flags
r-devel-linux-x86_64-debian-clang 0.2.0 1.95 28.10 30.05 NOTE
r-devel-linux-x86_64-debian-gcc 0.2.0 1.52 21.41 22.93 OK
r-devel-linux-x86_64-fedora-clang 0.2.0 45.20 OK
r-devel-linux-x86_64-fedora-gcc 0.2.0 43.27 OK
r-devel-windows-x86_64 0.2.0 4.00 50.00 54.00 OK
r-patched-linux-x86_64 0.2.0 1.91 25.80 27.71 OK
r-release-linux-x86_64 0.2.0 1.87 25.56 27.43 OK
r-release-macos-arm64 0.2.0 24.00 OK
r-release-macos-x86_64 0.2.0 29.00 OK
r-release-windows-x86_64 0.2.0 4.00 49.00 53.00 OK
r-oldrel-macos-arm64 0.2.0 18.00 OK
r-oldrel-macos-x86_64 0.2.0 29.00 OK
r-oldrel-windows-x86_64 0.2.0 4.00 53.00 57.00 OK

Check Details

Version: 0.2.0
Check: examples
Result: NOTE Examples with CPU (user + system) or elapsed time > 5s user system elapsed scale_lcars 3.66 0.165 5.104 Flavor: r-devel-linux-x86_64-debian-clang