Last updated on 2025-04-30 04:50:22 CEST.
Flavor | Version | Tinstall | Tcheck | Ttotal | Status | Flags |
---|---|---|---|---|---|---|
r-devel-linux-x86_64-debian-clang | 0.3.1 | 6.37 | 62.49 | 68.86 | NOTE | |
r-devel-linux-x86_64-debian-gcc | 0.3.1 | 4.67 | 46.45 | 51.12 | OK | |
r-devel-linux-x86_64-fedora-clang | 0.3.1 | 103.80 | OK | |||
r-devel-linux-x86_64-fedora-gcc | 0.3.1 | 107.50 | OK | |||
r-devel-windows-x86_64 | 0.3.1 | 7.00 | 90.00 | 97.00 | OK | |
r-patched-linux-x86_64 | 0.3.1 | 6.51 | 53.50 | 60.01 | OK | |
r-release-linux-x86_64 | 0.3.1 | 6.60 | 52.59 | 59.19 | OK | |
r-release-macos-arm64 | 0.3.1 | 83.00 | OK | |||
r-release-macos-x86_64 | 0.3.1 | 114.00 | OK | |||
r-release-windows-x86_64 | 0.3.1 | 8.00 | 87.00 | 95.00 | OK | |
r-oldrel-macos-arm64 | 0.3.1 | 62.00 | NOTE | |||
r-oldrel-macos-x86_64 | 0.3.1 | 144.00 | NOTE | |||
r-oldrel-windows-x86_64 | 0.3.1 | 9.00 | 98.00 | 107.00 | NOTE |
Version: 0.3.1
Check: examples
Result: NOTE
Examples with CPU (user + system) or elapsed time > 5s
user system elapsed
Triact 5.96 0.361 4.744
Flavor: r-devel-linux-x86_64-debian-clang
Version: 0.3.1
Check: installed package size
Result: NOTE
installed size is 17.7Mb
sub-directories of 1Mb or more:
data 1.3Mb
doc 1.3Mb
extdata 14.8Mb
Flavors: r-oldrel-macos-arm64, r-oldrel-macos-x86_64, r-oldrel-windows-x86_64