Last updated on 2025-04-30 04:50:22 CEST.
Flavor | Version | Tinstall | Tcheck | Ttotal | Status | Flags |
---|---|---|---|---|---|---|
r-devel-linux-x86_64-debian-clang | 0.1.6 | 828.51 | 460.25 | 1288.76 | NOTE | |
r-devel-linux-x86_64-debian-gcc | 0.1.6 | 813.29 | 411.67 | 1224.96 | NOTE | |
r-devel-linux-x86_64-fedora-clang | 0.1.6 | 2066.94 | OK | |||
r-devel-linux-x86_64-fedora-gcc | 0.1.6 | 2841.16 | OK | |||
r-devel-windows-x86_64 | 0.1.6 | 956.00 | 645.00 | 1601.00 | OK | |
r-patched-linux-x86_64 | 0.1.6 | 1068.13 | 535.94 | 1604.07 | OK | |
r-release-linux-x86_64 | 0.1.6 | 1039.72 | 535.78 | 1575.50 | OK | |
r-release-macos-arm64 | 0.1.6 | 791.00 | OK | |||
r-release-macos-x86_64 | 0.1.6 | 1128.00 | OK | |||
r-release-windows-x86_64 | 0.1.6 | 954.00 | 642.00 | 1596.00 | OK | |
r-oldrel-macos-arm64 | 0.1.6 | 329.00 | NOTE | |||
r-oldrel-macos-x86_64 | 0.1.6 | 425.00 | NOTE | |||
r-oldrel-windows-x86_64 | 0.1.6 | 1058.00 | 816.00 | 1874.00 | NOTE |
Version: 0.1.6
Check: examples
Result: NOTE
Examples with CPU (user + system) or elapsed time > 5s
user system elapsed
crm_prior_beliefs 2.295 1.659 5.746
Flavor: r-devel-linux-x86_64-debian-clang
Version: 0.1.6
Check: examples
Result: NOTE
Examples with CPU (user + system) or elapsed time > 5s
user system elapsed
crm_prior_beliefs 1.595 2.593 5.149
Flavor: r-devel-linux-x86_64-debian-gcc
Version: 0.1.6
Check: installed package size
Result: NOTE
installed size is 135.3Mb
sub-directories of 1Mb or more:
doc 3.9Mb
libs 130.3Mb
Flavors: r-oldrel-macos-arm64, r-oldrel-macos-x86_64, r-oldrel-windows-x86_64
Version: 0.1.6
Check: for GNU extensions in Makefiles
Result: NOTE
GNU make is a SystemRequirements.
Flavors: r-oldrel-macos-arm64, r-oldrel-macos-x86_64, r-oldrel-windows-x86_64