CRAN Package Check Results for Package trimmer

Last updated on 2025-04-30 04:50:22 CEST.

Flavor Version Tinstall Tcheck Ttotal Status Flags
r-devel-linux-x86_64-debian-clang 0.8.1 3.89 37.72 41.61 OK
r-devel-linux-x86_64-debian-gcc 0.8.1 2.72 28.90 31.62 OK
r-devel-linux-x86_64-fedora-clang 0.8.1 67.38 OK
r-devel-linux-x86_64-fedora-gcc 0.8.1 76.43 OK
r-devel-windows-x86_64 0.8.1 5.00 58.00 63.00 OK
r-patched-linux-x86_64 0.8.1 3.48 35.72 39.20 OK
r-release-linux-x86_64 0.8.1 3.68 35.86 39.54 OK
r-release-macos-arm64 0.8.1 35.00 OK
r-release-macos-x86_64 0.8.1 55.00 OK
r-release-windows-x86_64 0.8.1 6.00 55.00 61.00 OK
r-oldrel-macos-arm64 0.8.1 28.00 NOTE
r-oldrel-macos-x86_64 0.8.1 50.00 NOTE
r-oldrel-windows-x86_64 0.8.1 6.00 64.00 70.00 NOTE

Check Details

Version: 0.8.1
Check: LazyData
Result: NOTE 'LazyData' is specified without a 'data' directory Flavors: r-oldrel-macos-arm64, r-oldrel-macos-x86_64, r-oldrel-windows-x86_64