CRAN Package Check Results for Package triplesmatch

Last updated on 2025-04-30 04:50:22 CEST.

Flavor Version Tinstall Tcheck Ttotal Status Flags
r-devel-linux-x86_64-debian-clang 1.1.0 7.27 60.92 68.19 OK
r-devel-linux-x86_64-debian-gcc 1.1.0 4.23 43.01 47.24 OK
r-devel-linux-x86_64-fedora-clang 1.1.0 103.56 OK
r-devel-linux-x86_64-fedora-gcc 1.1.0 98.13 OK
r-devel-windows-x86_64 1.1.0 8.00 81.00 89.00 OK
r-patched-linux-x86_64 1.1.0 6.15 54.83 60.98 OK
r-release-linux-x86_64 1.1.0 6.85 54.76 61.61 OK
r-release-macos-arm64 1.1.0 32.00 OK
r-release-macos-x86_64 1.1.0 56.00 OK
r-release-windows-x86_64 1.1.0 8.00 80.00 88.00 OK
r-oldrel-macos-arm64 1.1.0 32.00 NOTE
r-oldrel-macos-x86_64 1.1.0 76.00 NOTE
r-oldrel-windows-x86_64 1.1.0 10.00 89.00 99.00 NOTE

Check Details

Version: 1.1.0
Check: package dependencies
Result: NOTE Packages suggested but not available for checking: 'rrelaxiv', 'gurobi' Flavors: r-oldrel-macos-arm64, r-oldrel-macos-x86_64, r-oldrel-windows-x86_64