Last updated on 2025-04-30 04:50:22 CEST.
Flavor | Version | Tinstall | Tcheck | Ttotal | Status | Flags |
---|---|---|---|---|---|---|
r-devel-linux-x86_64-debian-clang | 1.0.0 | 6.43 | 86.11 | 92.54 | NOTE | |
r-devel-linux-x86_64-debian-gcc | 1.0.0 | 4.99 | 64.28 | 69.27 | NOTE | |
r-devel-linux-x86_64-fedora-clang | 1.0.0 | 143.99 | OK | |||
r-devel-linux-x86_64-fedora-gcc | 1.0.0 | 151.35 | OK | |||
r-devel-windows-x86_64 | 1.0.0 | 8.00 | 222.00 | 230.00 | OK | |
r-patched-linux-x86_64 | 1.0.0 | 6.46 | 82.85 | 89.31 | OK | |
r-release-linux-x86_64 | 1.0.0 | 5.18 | 82.68 | 87.86 | OK | |
r-release-macos-arm64 | 1.0.0 | 115.00 | OK | |||
r-release-macos-x86_64 | 1.0.0 | 181.00 | OK | |||
r-release-windows-x86_64 | 1.0.0 | 7.00 | 220.00 | 227.00 | OK | |
r-oldrel-macos-arm64 | 1.0.0 | 101.00 | OK | |||
r-oldrel-macos-x86_64 | 1.0.0 | 132.00 | OK | |||
r-oldrel-windows-x86_64 | 1.0.0 | 9.00 | 259.00 | 268.00 | OK |
Version: 1.0.0
Check: examples
Result: NOTE
Examples with CPU (user + system) or elapsed time > 5s
user system elapsed
truh 1.964 0.056 5.889
Flavor: r-devel-linux-x86_64-debian-clang
Version: 1.0.0
Check: examples
Result: NOTE
Examples with CPU (user + system) or elapsed time > 5s
user system elapsed
truh 1.288 0.112 5.144
Flavor: r-devel-linux-x86_64-debian-gcc