Last updated on 2025-04-30 04:50:22 CEST.
Flavor | Version | Tinstall | Tcheck | Ttotal | Status | Flags |
---|---|---|---|---|---|---|
r-devel-linux-x86_64-debian-clang | 1.0.1 | 6.74 | 61.67 | 68.41 | NOTE | |
r-devel-linux-x86_64-debian-gcc | 1.0.1 | 5.43 | 48.85 | 54.28 | NOTE | |
r-devel-linux-x86_64-fedora-clang | 1.0.1 | 107.58 | OK | |||
r-devel-linux-x86_64-fedora-gcc | 1.0.1 | 103.63 | OK | |||
r-devel-windows-x86_64 | 1.0.1 | 8.00 | 80.00 | 88.00 | OK | |
r-patched-linux-x86_64 | 1.0.1 | 6.31 | 59.23 | 65.54 | OK | |
r-release-linux-x86_64 | 1.0.1 | 6.66 | 59.08 | 65.74 | OK | |
r-release-macos-arm64 | 1.0.1 | 38.00 | OK | |||
r-release-macos-x86_64 | 1.0.1 | 70.00 | OK | |||
r-release-windows-x86_64 | 1.0.1 | 7.00 | 76.00 | 83.00 | OK | |
r-oldrel-macos-arm64 | 1.0.1 | 35.00 | OK | |||
r-oldrel-macos-x86_64 | 1.0.1 | 53.00 | OK | |||
r-oldrel-windows-x86_64 | 1.0.1 | 9.00 | 85.00 | 94.00 | OK |
Version: 1.0.1
Check: CRAN incoming feasibility
Result: NOTE
Maintainer: ‘Yuyao Wang <yuw079@ucsd.edu>’
The Description field contains
dependent left truncation" <arXiv:2208.06836>.
Please refer to arXiv e-prints via their arXiv DOI <doi:10.48550/arXiv.YYMM.NNNNN>.
Flavors: r-devel-linux-x86_64-debian-clang, r-devel-linux-x86_64-debian-gcc