CRAN Package Check Results for Package truncdist

Last updated on 2025-04-30 04:50:22 CEST.

Flavor Version Tinstall Tcheck Ttotal Status Flags
r-devel-linux-x86_64-debian-clang 1.0-2 2.16 22.71 24.87 NOTE
r-devel-linux-x86_64-debian-gcc 1.0-2 1.59 18.73 20.32 NOTE
r-devel-linux-x86_64-fedora-clang 1.0-2 37.71 OK
r-devel-linux-x86_64-fedora-gcc 1.0-2 36.52 OK
r-devel-windows-x86_64 1.0-2 4.00 47.00 51.00 OK
r-patched-linux-x86_64 1.0-2 2.17 21.59 23.76 OK
r-release-linux-x86_64 1.0-2 2.14 21.76 23.90 OK
r-release-macos-arm64 1.0-2 22.00 OK
r-release-macos-x86_64 1.0-2 27.00 OK
r-release-windows-x86_64 1.0-2 3.00 45.00 48.00 OK
r-oldrel-macos-arm64 1.0-2 16.00 OK
r-oldrel-macos-x86_64 1.0-2 23.00 OK
r-oldrel-windows-x86_64 1.0-2 5.00 47.00 52.00 OK

Check Details

Version: 1.0-2
Check: CRAN incoming feasibility
Result: NOTE Maintainer: ‘Frederick Novomestky <fnovomes@poly.edu>’ No Authors@R field in DESCRIPTION. Please add one, modifying Authors@R: c(person(given = "Frederick", family = "Novomestky", role = c("aut", "cre"), email = "fn334@nyu.edu"), person(given = "Saralees", family = "Nadarajah", role = "aut", email = "saralees.nadarajah@manchester.ac.uk")) as necessary. Flavors: r-devel-linux-x86_64-debian-clang, r-devel-linux-x86_64-debian-gcc