Last updated on 2025-02-21 03:52:29 CET.
Flavor | Version | Tinstall | Tcheck | Ttotal | Status | Flags |
---|---|---|---|---|---|---|
r-devel-linux-x86_64-debian-clang | 0.0.3 | 124.38 | 680.39 | 804.77 | OK | |
r-devel-linux-x86_64-debian-gcc | 0.0.3 | 116.46 | 209.38 | 325.84 | OK | |
r-devel-linux-x86_64-fedora-clang | 0.0.3 | 1553.53 | OK | |||
r-devel-linux-x86_64-fedora-gcc | 0.0.3 | 778.26 | OK | |||
r-devel-macos-arm64 | 0.0.3 | 232.00 | OK | |||
r-devel-macos-x86_64 | 0.0.3 | 535.00 | OK | |||
r-devel-windows-x86_64 | 0.0.3 | 124.00 | 454.00 | 578.00 | OK | |
r-patched-linux-x86_64 | 0.0.3 | 152.28 | 291.75 | 444.03 | NOTE | |
r-release-linux-x86_64 | 0.0.3 | 149.15 | 291.11 | 440.26 | NOTE | |
r-release-macos-arm64 | 0.0.3 | 130.00 | NOTE | |||
r-release-macos-x86_64 | 0.0.3 | 234.00 | NOTE | |||
r-release-windows-x86_64 | 0.0.3 | 121.00 | 454.00 | 575.00 | NOTE | |
r-oldrel-macos-arm64 | 0.0.3 | 205.00 | NOTE | |||
r-oldrel-macos-x86_64 | 0.0.3 | 465.00 | NOTE | |||
r-oldrel-windows-x86_64 | 0.0.3 | 158.00 | 503.00 | 661.00 | NOTE |
Version: 0.0.3
Check: for GNU extensions in Makefiles
Result: NOTE
GNU make is a SystemRequirements.
Flavors: r-patched-linux-x86_64, r-release-linux-x86_64, r-release-macos-arm64, r-release-macos-x86_64, r-release-windows-x86_64, r-oldrel-macos-arm64, r-oldrel-macos-x86_64, r-oldrel-windows-x86_64
Version: 0.0.3
Check: installed package size
Result: NOTE
installed size is 40.5Mb
sub-directories of 1Mb or more:
libs 40.3Mb
Flavors: r-release-macos-arm64, r-release-macos-x86_64, r-oldrel-macos-arm64, r-oldrel-macos-x86_64