Last updated on 2025-11-03 03:49:59 CET.
| Flavor | Version | Tinstall | Tcheck | Ttotal | Status | Flags |
|---|---|---|---|---|---|---|
| r-devel-linux-x86_64-debian-clang | 0.1.0 | 17.10 | 133.09 | 150.19 | NOTE | |
| r-devel-linux-x86_64-debian-gcc | 0.1.0 | 12.05 | 93.69 | 105.74 | NOTE | |
| r-devel-linux-x86_64-fedora-clang | 0.1.0 | 45.00 | 187.11 | 232.11 | OK | |
| r-devel-linux-x86_64-fedora-gcc | 0.1.0 | 76.00 | 147.05 | 223.05 | OK | |
| r-devel-windows-x86_64 | 0.1.0 | 19.00 | 141.00 | 160.00 | OK | |
| r-patched-linux-x86_64 | 0.1.0 | 19.69 | 126.50 | 146.19 | OK | |
| r-release-linux-x86_64 | 0.1.0 | 15.27 | 126.45 | 141.72 | OK | |
| r-release-macos-arm64 | 0.1.0 | 10.00 | 96.00 | 106.00 | OK | |
| r-release-macos-x86_64 | 0.1.0 | 16.00 | 115.00 | 131.00 | OK | |
| r-release-windows-x86_64 | 0.1.0 | 19.00 | 141.00 | 160.00 | OK | |
| r-oldrel-macos-arm64 | 0.1.0 | 8.00 | 56.00 | 64.00 | OK | |
| r-oldrel-macos-x86_64 | 0.1.0 | 12.00 | 88.00 | 100.00 | OK | |
| r-oldrel-windows-x86_64 | 0.1.0 | 23.00 | 181.00 | 204.00 | OK |
Version: 0.1.0
Check: CRAN incoming feasibility
Result: NOTE
Maintainer: ‘Vitor Cerqueira <cerqueira.vitormanuel@gmail.com>’
Package CITATION file contains call(s) to old-style personList() or
as.personList(). Please use c() on person objects instead.
Package CITATION file contains call(s) to old-style citEntry(). Please
use bibentry() instead.
Flavors: r-devel-linux-x86_64-debian-clang, r-devel-linux-x86_64-debian-gcc