Last updated on 2025-04-30 04:50:22 CEST.
Flavor | Version | Tinstall | Tcheck | Ttotal | Status | Flags |
---|---|---|---|---|---|---|
r-devel-linux-x86_64-debian-clang | 0.10-58 | 10.35 | 46.43 | 56.78 | OK | |
r-devel-linux-x86_64-debian-gcc | 0.10-58 | 6.51 | 35.84 | 42.35 | OK | |
r-devel-linux-x86_64-fedora-clang | 0.10-58 | 85.18 | NOTE | |||
r-devel-linux-x86_64-fedora-gcc | 0.10-58 | 79.39 | NOTE | |||
r-devel-windows-x86_64 | 0.10-58 | 16.00 | 81.00 | 97.00 | OK | |
r-patched-linux-x86_64 | 0.10-58 | 9.16 | 44.29 | 53.45 | OK | |
r-release-linux-x86_64 | 0.10-58 | 8.30 | 44.71 | 53.01 | OK | |
r-release-macos-arm64 | 0.10-58 | 38.00 | OK | |||
r-release-macos-x86_64 | 0.10-58 | 62.00 | OK | |||
r-release-windows-x86_64 | 0.10-58 | 16.00 | 80.00 | 96.00 | OK | |
r-oldrel-macos-arm64 | 0.10-58 | 34.00 | OK | |||
r-oldrel-macos-x86_64 | 0.10-58 | 49.00 | OK | |||
r-oldrel-windows-x86_64 | 0.10-58 | 17.00 | 84.00 | 101.00 | OK |
Version: 0.10-58
Check: dependencies in R code
Result: NOTE
Namespace in Imports field not imported from: ‘jsonlite’
All declared Imports should be used.
Flavors: r-devel-linux-x86_64-fedora-clang, r-devel-linux-x86_64-fedora-gcc