CRAN Package Check Results for Package tsfgrnn

Last updated on 2025-04-30 04:50:22 CEST.

Flavor Version Tinstall Tcheck Ttotal Status Flags
r-devel-linux-x86_64-debian-clang 1.0.5 14.58 67.62 82.20 NOTE
r-devel-linux-x86_64-debian-gcc 1.0.5 9.90 49.36 59.26 NOTE
r-devel-linux-x86_64-fedora-clang 1.0.5 123.59 OK
r-devel-linux-x86_64-fedora-gcc 1.0.5 131.93 OK
r-devel-windows-x86_64 1.0.5 20.00 98.00 118.00 OK
r-patched-linux-x86_64 1.0.5 13.74 63.32 77.06 OK
r-release-linux-x86_64 1.0.5 14.19 63.05 77.24 OK
r-release-macos-arm64 1.0.5 44.00 OK
r-release-macos-x86_64 1.0.5 79.00 OK
r-release-windows-x86_64 1.0.5 20.00 98.00 118.00 OK
r-oldrel-macos-arm64 1.0.5 42.00 OK
r-oldrel-macos-x86_64 1.0.5 67.00 OK
r-oldrel-windows-x86_64 1.0.5 25.00 114.00 139.00 OK

Check Details

Version: 1.0.5
Check: CRAN incoming feasibility
Result: NOTE Maintainer: ‘Francisco Martinez <fmartin@ujaen.es>’ The BugReports field in DESCRIPTION has https://github.com/franciscomartinezdelrio/tsfgrnn which should likely be https://github.com/franciscomartinezdelrio/tsfgrnn/issues instead. Flavors: r-devel-linux-x86_64-debian-clang, r-devel-linux-x86_64-debian-gcc