Last updated on 2025-04-30 04:50:22 CEST.
Flavor | Version | Tinstall | Tcheck | Ttotal | Status | Flags |
---|---|---|---|---|---|---|
r-devel-linux-x86_64-debian-clang | 0.6.0 | 13.97 | 83.29 | 97.26 | NOTE | |
r-devel-linux-x86_64-debian-gcc | 0.6.0 | 10.47 | 62.10 | 72.57 | NOTE | |
r-devel-linux-x86_64-fedora-clang | 0.6.0 | 142.86 | OK | |||
r-devel-linux-x86_64-fedora-gcc | 0.6.0 | 148.22 | OK | |||
r-devel-windows-x86_64 | 0.6.0 | 21.00 | 103.00 | 124.00 | OK | |
r-patched-linux-x86_64 | 0.6.0 | 15.30 | 77.84 | 93.14 | OK | |
r-release-linux-x86_64 | 0.6.0 | 15.12 | 77.93 | 93.05 | OK | |
r-release-macos-arm64 | 0.6.0 | 44.00 | OK | |||
r-release-macos-x86_64 | 0.6.0 | 86.00 | OK | |||
r-release-windows-x86_64 | 0.6.0 | 21.00 | 101.00 | 122.00 | OK | |
r-oldrel-macos-arm64 | 0.6.0 | 43.00 | OK | |||
r-oldrel-macos-x86_64 | 0.6.0 | 68.00 | OK | |||
r-oldrel-windows-x86_64 | 0.6.0 | 24.00 | 118.00 | 142.00 | OK |
Version: 0.6.0
Check: examples
Result: NOTE
Examples with CPU (user + system) or elapsed time > 5s
user system elapsed
autoplot.knnForecast 8.395 0.216 11.926
Flavor: r-devel-linux-x86_64-debian-clang
Version: 0.6.0
Check: examples
Result: NOTE
Examples with CPU (user + system) or elapsed time > 5s
user system elapsed
autoplot.knnForecast 5.442 0.153 6.903
Flavor: r-devel-linux-x86_64-debian-gcc