CRAN Package Check Results for Package tsgarch

Last updated on 2025-04-30 04:50:22 CEST.

Flavor Version Tinstall Tcheck Ttotal Status Flags
r-devel-linux-x86_64-debian-clang 1.0.3 415.57 222.97 638.54 NOTE
r-devel-linux-x86_64-debian-gcc 1.0.3 350.58 162.46 513.04 NOTE
r-devel-linux-x86_64-fedora-clang 1.0.3 941.13 NOTE
r-devel-linux-x86_64-fedora-gcc 1.0.3 1361.27 NOTE
r-devel-windows-x86_64 1.0.3 425.00 290.00 715.00 NOTE
r-patched-linux-x86_64 1.0.3 531.42 217.99 749.41 NOTE
r-release-linux-x86_64 1.0.3 531.08 216.95 748.03 NOTE
r-release-macos-arm64 1.0.3 558.00 NOTE
r-release-macos-x86_64 1.0.3 688.00 NOTE
r-release-windows-x86_64 1.0.3 444.00 291.00 735.00 NOTE
r-oldrel-macos-arm64 1.0.3 306.00 NOTE
r-oldrel-macos-x86_64 1.0.3 407.00 NOTE
r-oldrel-windows-x86_64 1.0.3 487.00 390.00 877.00 NOTE

Check Details

Version: 1.0.3
Check: DESCRIPTION meta-information
Result: NOTE Missing dependency on R >= 4.1.0 because package code uses the pipe |> or function shorthand \(...) syntax added in R 4.1.0. File(s) using such syntax: ‘benchmark.R’ ‘print.R’ Flavors: r-devel-linux-x86_64-debian-clang, r-devel-linux-x86_64-debian-gcc, r-devel-linux-x86_64-fedora-clang, r-devel-linux-x86_64-fedora-gcc, r-devel-windows-x86_64, r-patched-linux-x86_64, r-release-linux-x86_64, r-release-macos-arm64, r-release-macos-x86_64, r-release-windows-x86_64

Version: 1.0.3
Check: installed package size
Result: NOTE installed size is 138.4Mb sub-directories of 1Mb or more: libs 137.3Mb Flavors: r-oldrel-macos-arm64, r-oldrel-macos-x86_64, r-oldrel-windows-x86_64