Last updated on 2025-02-21 03:52:29 CET.
Flavor | Version | Tinstall | Tcheck | Ttotal | Status | Flags |
---|---|---|---|---|---|---|
r-devel-linux-x86_64-debian-clang | 1.0.0 | 131.44 | 722.47 | 853.91 | OK | |
r-devel-linux-x86_64-debian-gcc | 1.0.0 | 102.80 | 475.28 | 578.08 | OK | |
r-devel-linux-x86_64-fedora-clang | 1.0.0 | 1237.53 | OK | |||
r-devel-linux-x86_64-fedora-gcc | 1.0.0 | 1957.36 | OK | |||
r-devel-macos-arm64 | 1.0.0 | 329.00 | OK | |||
r-devel-macos-x86_64 | 1.0.0 | 790.00 | OK | |||
r-devel-windows-x86_64 | 1.0.0 | 155.00 | 676.00 | 831.00 | OK | |
r-patched-linux-x86_64 | 1.0.0 | 145.69 | 657.65 | 803.34 | NOTE | |
r-release-linux-x86_64 | 1.0.0 | 129.71 | 667.58 | 797.29 | NOTE | |
r-release-macos-arm64 | 1.0.0 | 192.00 | NOTE | |||
r-release-macos-x86_64 | 1.0.0 | 338.00 | NOTE | |||
r-release-windows-x86_64 | 1.0.0 | 144.00 | 674.00 | 818.00 | NOTE | |
r-oldrel-macos-arm64 | 1.0.0 | 349.00 | NOTE | |||
r-oldrel-macos-x86_64 | 1.0.0 | 483.00 | NOTE | |||
r-oldrel-windows-x86_64 | 1.0.0 | 187.00 | 830.00 | 1017.00 | NOTE |
Version: 1.0.0
Check: for GNU extensions in Makefiles
Result: NOTE
GNU make is a SystemRequirements.
Flavors: r-patched-linux-x86_64, r-release-linux-x86_64, r-release-macos-arm64, r-release-macos-x86_64, r-release-windows-x86_64, r-oldrel-macos-arm64, r-oldrel-macos-x86_64, r-oldrel-windows-x86_64
Version: 1.0.0
Check: installed package size
Result: NOTE
installed size is 15.3Mb
sub-directories of 1Mb or more:
doc 1.6Mb
libs 12.2Mb
Flavors: r-release-macos-arm64, r-release-macos-x86_64, r-oldrel-macos-arm64, r-oldrel-macos-x86_64