Last updated on 2025-02-21 03:52:29 CET.
Flavor | Version | Tinstall | Tcheck | Ttotal | Status | Flags |
---|---|---|---|---|---|---|
r-devel-linux-x86_64-debian-clang | 0.1.0 | 585.21 | 254.91 | 840.12 | NOTE | |
r-devel-linux-x86_64-debian-gcc | 0.1.0 | 492.46 | 211.97 | 704.43 | NOTE | |
r-devel-linux-x86_64-fedora-clang | 0.1.0 | 1384.20 | NOTE | |||
r-devel-linux-x86_64-fedora-gcc | 0.1.0 | 1584.52 | NOTE | |||
r-devel-macos-arm64 | 0.1.0 | 303.00 | OK | |||
r-devel-macos-x86_64 | 0.1.0 | 442.00 | NOTE | |||
r-devel-windows-x86_64 | 0.1.0 | 465.00 | 362.00 | 827.00 | NOTE | |
r-patched-linux-x86_64 | 0.1.0 | 607.78 | 289.47 | 897.25 | OK | |
r-release-linux-x86_64 | 0.1.0 | 601.04 | 288.80 | 889.84 | OK | |
r-release-macos-arm64 | 0.1.0 | 169.00 | NOTE | |||
r-release-macos-x86_64 | 0.1.0 | 205.00 | NOTE | |||
r-release-windows-x86_64 | 0.1.0 | 465.00 | 353.00 | 818.00 | NOTE | |
r-oldrel-macos-arm64 | 0.1.0 | 262.00 | NOTE | |||
r-oldrel-macos-x86_64 | 0.1.0 | 469.00 | NOTE | |||
r-oldrel-windows-x86_64 | 0.1.0 | 666.00 | 425.00 | 1091.00 | NOTE |
Version: 0.1.0
Check: DESCRIPTION meta-information
Result: NOTE
Missing dependency on R >= 4.1.0 because package code uses the pipe
|> or function shorthand \(...) syntax added in R 4.1.0.
File(s) using such syntax:
‘centrality.R’ ‘compare_gvar.R’ ‘posterior_plot.R’
Flavors: r-devel-linux-x86_64-debian-clang, r-devel-linux-x86_64-debian-gcc, r-devel-linux-x86_64-fedora-clang, r-devel-linux-x86_64-fedora-gcc, r-devel-macos-x86_64, r-devel-windows-x86_64
Version: 0.1.0
Check: installed package size
Result: NOTE
installed size is 108.7Mb
sub-directories of 1Mb or more:
libs 107.7Mb
Flavors: r-release-macos-arm64, r-release-macos-x86_64, r-release-windows-x86_64, r-oldrel-macos-arm64, r-oldrel-macos-x86_64, r-oldrel-windows-x86_64
Version: 0.1.0
Check: for GNU extensions in Makefiles
Result: NOTE
GNU make is a SystemRequirements.
Flavors: r-release-macos-arm64, r-release-macos-x86_64, r-oldrel-macos-arm64, r-oldrel-macos-x86_64