Last updated on 2025-04-30 04:50:22 CEST.
Flavor | Version | Tinstall | Tcheck | Ttotal | Status | Flags |
---|---|---|---|---|---|---|
r-devel-linux-x86_64-debian-clang | 1.1.707 | 15.75 | 129.82 | 145.57 | NOTE | |
r-devel-linux-x86_64-debian-gcc | 1.1.707 | 9.74 | 96.21 | 105.95 | NOTE | |
r-devel-linux-x86_64-fedora-clang | 1.1.707 | 244.20 | OK | |||
r-devel-linux-x86_64-fedora-gcc | 1.1.707 | 237.61 | OK | |||
r-devel-windows-x86_64 | 1.1.707 | 18.00 | 134.00 | 152.00 | OK | |
r-patched-linux-x86_64 | 1.1.707 | 15.29 | 120.98 | 136.27 | OK | |
r-release-linux-x86_64 | 1.1.707 | 17.13 | 122.75 | 139.88 | OK | |
r-release-macos-arm64 | 1.1.707 | 63.00 | OK | |||
r-release-macos-x86_64 | 1.1.707 | 130.00 | OK | |||
r-release-windows-x86_64 | 1.1.707 | 19.00 | 141.00 | 160.00 | OK | |
r-oldrel-macos-arm64 | 1.1.707 | 69.00 | OK | |||
r-oldrel-macos-x86_64 | 1.1.707 | 144.00 | OK | |||
r-oldrel-windows-x86_64 | 1.1.707 | 24.00 | 174.00 | 198.00 | OK |
Version: 1.1.707
Check: DESCRIPTION meta-information
Result: NOTE
Author field differs from that derived from Authors@R
Author: ‘Eduardo Ogasawara [aut, ths, cre] (<https://orcid.org/0000-0002-0466-0626>), Carla Pacheco [aut], Cristiane Gea [aut], Diogo Santos [aut], Rebecca Salles [aut], Vitoria Birindiba [aut], Eduardo Bezerra [aut], Esther Pacitti [aut], Fabio Porto [aut], CEFET/RJ [cph] (Federal Center for Technological Education of Rio de Janeiro)’
Authors@R: ‘Eduardo Ogasawara [aut, ths, cre] (ORCID: <https://orcid.org/0000-0002-0466-0626>), Carla Pacheco [aut], Cristiane Gea [aut], Diogo Santos [aut], Rebecca Salles [aut], Vitoria Birindiba [aut], Eduardo Bezerra [aut], Esther Pacitti [aut], Fabio Porto [aut], CEFET/RJ [cph] (organization: Federal Center for Technological Education of Rio de Janeiro)’
Flavors: r-devel-linux-x86_64-debian-clang, r-devel-linux-x86_64-debian-gcc