CRAN Package Check Results for Package tsriadditive

Last updated on 2025-04-30 04:50:22 CEST.

Flavor Version Tinstall Tcheck Ttotal Status Flags
r-devel-linux-x86_64-debian-clang 1.0.0 6.60 53.42 60.02 OK
r-devel-linux-x86_64-debian-gcc 1.0.0 4.89 39.45 44.34 OK
r-devel-linux-x86_64-fedora-clang 1.0.0 92.29 OK
r-devel-linux-x86_64-fedora-gcc 1.0.0 89.44 OK
r-devel-windows-x86_64 1.0.0 8.00 69.00 77.00 OK
r-patched-linux-x86_64 1.0.0 5.99 51.41 57.40 OK
r-release-linux-x86_64 1.0.0 6.26 51.01 57.27 OK
r-release-macos-arm64 1.0.0 36.00 OK
r-release-macos-x86_64 1.0.0 62.00 OK
r-release-windows-x86_64 1.0.0 8.00 72.00 80.00 OK
r-oldrel-macos-arm64 1.0.0 33.00 NOTE
r-oldrel-macos-x86_64 1.0.0 48.00 NOTE
r-oldrel-windows-x86_64 1.0.0 9.00 76.00 85.00 NOTE

Check Details

Version: 1.0.0
Check: LazyData
Result: NOTE 'LazyData' is specified without a 'data' directory Flavors: r-oldrel-macos-arm64, r-oldrel-macos-x86_64, r-oldrel-windows-x86_64