Last updated on 2025-04-30 04:50:22 CEST.
Flavor | Version | Tinstall | Tcheck | Ttotal | Status | Flags |
---|---|---|---|---|---|---|
r-devel-linux-x86_64-debian-clang | 0.2.7 | 2.99 | 31.00 | 33.99 | NOTE | |
r-devel-linux-x86_64-debian-gcc | 0.2.7 | 2.10 | 23.91 | 26.01 | OK | |
r-devel-linux-x86_64-fedora-clang | 0.2.7 | 50.88 | OK | |||
r-devel-linux-x86_64-fedora-gcc | 0.2.7 | 49.40 | OK | |||
r-devel-windows-x86_64 | 0.2.7 | 4.00 | 53.00 | 57.00 | OK | |
r-patched-linux-x86_64 | 0.2.7 | 2.49 | 28.86 | 31.35 | OK | |
r-release-linux-x86_64 | 0.2.7 | 2.90 | 29.31 | 32.21 | OK | |
r-release-macos-arm64 | 0.2.7 | 21.00 | OK | |||
r-release-macos-x86_64 | 0.2.7 | 38.00 | OK | |||
r-release-windows-x86_64 | 0.2.7 | 4.00 | 52.00 | 56.00 | OK | |
r-oldrel-macos-arm64 | 0.2.7 | 22.00 | OK | |||
r-oldrel-macos-x86_64 | 0.2.7 | 39.00 | OK | |||
r-oldrel-windows-x86_64 | 0.2.7 | 5.00 | 55.00 | 60.00 | OK |
Version: 0.2.7
Check: examples
Result: NOTE
Examples with CPU (user + system) or elapsed time > 5s
user system elapsed
sim_daily 4.104 0.086 5.213
Flavor: r-devel-linux-x86_64-debian-clang