Last updated on 2025-04-30 04:50:22 CEST.
Flavor | Version | Tinstall | Tcheck | Ttotal | Status | Flags |
---|---|---|---|---|---|---|
r-devel-linux-x86_64-debian-clang | 2.2.0 | 18.38 | 138.87 | 157.25 | NOTE | |
r-devel-linux-x86_64-debian-gcc | 2.2.0 | 11.07 | 94.02 | 105.09 | NOTE | |
r-devel-linux-x86_64-fedora-clang | 2.2.0 | 240.17 | OK | |||
r-devel-linux-x86_64-fedora-gcc | 2.2.0 | 219.60 | OK | |||
r-devel-windows-x86_64 | 2.2.0 | 19.00 | 200.00 | 219.00 | OK | |
r-patched-linux-x86_64 | 2.2.0 | 16.83 | 126.07 | 142.90 | OK | |
r-release-linux-x86_64 | 2.2.0 | 17.37 | 126.57 | 143.94 | OK | |
r-release-macos-arm64 | 2.2.0 | 50.00 | OK | |||
r-release-macos-x86_64 | 2.2.0 | 101.00 | OK | |||
r-release-windows-x86_64 | 2.2.0 | 20.00 | 194.00 | 214.00 | OK | |
r-oldrel-macos-arm64 | 2.2.0 | 64.00 | OK | |||
r-oldrel-macos-x86_64 | 2.2.0 | 114.00 | OK | |||
r-oldrel-windows-x86_64 | 2.2.0 | 25.00 | 230.00 | 255.00 | OK |
Version: 2.2.0
Check: examples
Result: NOTE
Examples with CPU (user + system) or elapsed time > 5s
user system elapsed
wbg.boot.wge 8.116 0.04 9.647
Flavor: r-devel-linux-x86_64-debian-clang
Version: 2.2.0
Check: examples
Result: NOTE
Examples with CPU (user + system) or elapsed time > 5s
user system elapsed
wbg.boot.wge 4.444 0.006 6.1
Flavor: r-devel-linux-x86_64-debian-gcc