Last updated on 2025-04-30 04:50:22 CEST.
Flavor | Version | Tinstall | Tcheck | Ttotal | Status | Flags |
---|---|---|---|---|---|---|
r-devel-linux-x86_64-debian-clang | 2.4.2 | 6.96 | 65.33 | 72.29 | NOTE | |
r-devel-linux-x86_64-debian-gcc | 2.4.2 | 4.52 | 44.38 | 48.90 | NOTE | |
r-devel-linux-x86_64-fedora-clang | 2.4.2 | 116.88 | OK | |||
r-devel-linux-x86_64-fedora-gcc | 2.4.2 | 110.46 | OK | |||
r-devel-windows-x86_64 | 2.4.2 | 8.00 | 101.00 | 109.00 | NOTE | |
r-patched-linux-x86_64 | 2.4.2 | 7.46 | 61.24 | 68.70 | NOTE | |
r-release-linux-x86_64 | 2.4.2 | 7.98 | 62.89 | 70.87 | NOTE | |
r-release-macos-arm64 | 2.4.2 | 36.00 | OK | |||
r-release-macos-x86_64 | 2.4.2 | 67.00 | OK | |||
r-release-windows-x86_64 | 2.4.2 | 8.00 | 101.00 | 109.00 | NOTE | |
r-oldrel-macos-arm64 | 2.4.2 | 33.00 | OK | |||
r-oldrel-macos-x86_64 | 2.4.2 | 52.00 | OK | |||
r-oldrel-windows-x86_64 | 2.4.2 | 11.00 | 111.00 | 122.00 | OK |
Version: 2.4.2
Check: CRAN incoming feasibility
Result: NOTE
Maintainer: ‘Susana Campos-Martins <scmartins@ucp.pt>’
No Authors@R field in DESCRIPTION.
Please add one, modifying
Authors@R: c(person(given = "Susana",
family = "Campos-Martins",
role = c("aut", "cre"),
email = "scmartins@ucp.pt"),
person(given = "Genaro",
family = "Sucarrat",
role = "ctb"))
as necessary.
Flavors: r-devel-linux-x86_64-debian-clang, r-devel-linux-x86_64-debian-gcc
Version: 2.4.2
Check: Rd cross-references
Result: NOTE
Found the following Rd file(s) with Rd \link{} targets missing package
anchors:
coef.mtvgarch.Rd: zoo, garchx
coef.tvgarch.Rd: zoo
coef.tvgarchTest.Rd: zoo
mtvgarch.Rd: zoo, garchx
mtvgarchSim.Rd: zoo, garchx
tvgarch.Rd: zoo, garchx
tvgarchObj.Rd: zoo
tvgarchSim.Rd: zoo, garchx
tvgarchTest.Rd: zoo, garchx
Please provide package anchors for all Rd \link{} targets not in the
package itself and the base packages.
Flavors: r-devel-linux-x86_64-debian-clang, r-devel-linux-x86_64-debian-gcc, r-devel-windows-x86_64, r-patched-linux-x86_64, r-release-linux-x86_64, r-release-windows-x86_64
Version: 2.4.2
Check: examples
Result: NOTE
Examples with CPU (user + system) or elapsed time > 5s
user system elapsed
mtvgarch 6.103 0.004 7.559
coef.mtvgarch 4.564 0.019 5.523
Flavor: r-devel-linux-x86_64-debian-clang