Last updated on 2025-04-30 04:50:22 CEST.
Flavor | Version | Tinstall | Tcheck | Ttotal | Status | Flags |
---|---|---|---|---|---|---|
r-devel-linux-x86_64-debian-clang | 0.5.2 | 6.29 | 56.92 | 63.21 | NOTE | |
r-devel-linux-x86_64-debian-gcc | 0.5.2 | 4.08 | 42.12 | 46.20 | NOTE | |
r-devel-linux-x86_64-fedora-clang | 0.5.2 | 89.52 | OK | |||
r-devel-linux-x86_64-fedora-gcc | 0.5.2 | 97.19 | OK | |||
r-devel-windows-x86_64 | 0.5.2 | 8.00 | 79.00 | 87.00 | OK | |
r-patched-linux-x86_64 | 0.5.2 | 4.84 | 52.91 | 57.75 | OK | |
r-release-linux-x86_64 | 0.5.2 | 5.54 | 53.46 | 59.00 | OK | |
r-release-macos-arm64 | 0.5.2 | 34.00 | OK | |||
r-release-macos-x86_64 | 0.5.2 | 62.00 | OK | |||
r-release-windows-x86_64 | 0.5.2 | 9.00 | 76.00 | 85.00 | OK | |
r-oldrel-macos-arm64 | 0.5.2 | 33.00 | OK | |||
r-oldrel-macos-x86_64 | 0.5.2 | 55.00 | OK | |||
r-oldrel-windows-x86_64 | 0.5.2 | 9.00 | 87.00 | 96.00 | OK |
Version: 0.5.2
Check: CRAN incoming feasibility
Result: NOTE
Maintainer: ‘Juan Manuel Truppia <jmtruppia@gmail.com>’
No Authors@R field in DESCRIPTION.
Please add one, modifying
Authors@R: person(given = c("Juan", "Manuel"),
family = "Truppia",
role = c("aut", "cre"),
email = "jmtruppia@gmail.com")
as necessary.
Flavors: r-devel-linux-x86_64-debian-clang, r-devel-linux-x86_64-debian-gcc