CRAN Package Check Results for Package twang

Last updated on 2025-04-30 04:50:22 CEST.

Flavor Version Tinstall Tcheck Ttotal Status Flags
r-devel-linux-x86_64-debian-clang 2.6.1 18.11 128.54 146.65 NOTE --no-vignettes
r-devel-linux-x86_64-debian-gcc 2.6.1 12.94 90.73 103.67 NOTE --no-vignettes
r-devel-linux-x86_64-fedora-clang 2.6.1 353.74 OK
r-devel-linux-x86_64-fedora-gcc 2.6.1 353.83 OK
r-devel-windows-x86_64 2.6.1 23.00 127.00 150.00 OK --no-vignettes
r-patched-linux-x86_64 2.6.1 19.73 122.69 142.42 OK --no-vignettes
r-release-linux-x86_64 2.6.1 15.84 121.47 137.31 OK --no-vignettes
r-release-macos-arm64 2.6.1 114.00 OK
r-release-macos-x86_64 2.6.1 196.00 OK
r-release-windows-x86_64 2.6.1 25.00 150.00 175.00 OK --no-vignettes
r-oldrel-macos-arm64 2.6.1 101.00 OK
r-oldrel-macos-x86_64 2.6.1 317.00 OK
r-oldrel-windows-x86_64 2.6.1 28.00 170.00 198.00 OK --no-vignettes

Check Details

Version: 2.6.1
Flags: --no-vignettes
Check: CRAN incoming feasibility
Result: NOTE Maintainer: ‘Lane Burgette <burgette@rand.org>’ No Authors@R field in DESCRIPTION. Please add one, modifying Authors@R: c(person(given = "Matthew", family = "Cefalu", role = "aut"), person(given = "Greg", family = "Ridgeway", role = "aut"), person(given = "Dan", family = "McCaffrey", role = "aut"), person(given = "Andrew", family = "Morral", role = "aut"), person(given = c("Beth", "Ann"), family = "Griffin", role = "aut"), person(given = "Lane", family = "Burgette", role = c("aut", "cre"), email = "burgette@rand.org")) as necessary. Flavors: r-devel-linux-x86_64-debian-clang, r-devel-linux-x86_64-debian-gcc