Last updated on 2025-04-30 04:50:22 CEST.
Flavor | Version | Tinstall | Tcheck | Ttotal | Status | Flags |
---|---|---|---|---|---|---|
r-devel-linux-x86_64-debian-clang | 1.2 | 9.09 | 120.26 | 129.35 | NOTE | |
r-devel-linux-x86_64-debian-gcc | 1.2 | 7.18 | 94.28 | 101.46 | NOTE | |
r-devel-linux-x86_64-fedora-clang | 1.2 | 221.86 | OK | |||
r-devel-linux-x86_64-fedora-gcc | 1.2 | 228.84 | OK | |||
r-devel-windows-x86_64 | 1.2 | 11.00 | 146.00 | 157.00 | NOTE | |
r-patched-linux-x86_64 | 1.2 | 9.68 | 115.32 | 125.00 | NOTE | |
r-release-linux-x86_64 | 1.2 | 9.03 | 116.95 | 125.98 | NOTE | |
r-release-macos-arm64 | 1.2 | 66.00 | OK | |||
r-release-macos-x86_64 | 1.2 | 123.00 | OK | |||
r-release-windows-x86_64 | 1.2 | 14.00 | 150.00 | 164.00 | NOTE | |
r-oldrel-macos-arm64 | 1.2 | 61.00 | OK | |||
r-oldrel-macos-x86_64 | 1.2 | 97.00 | OK | |||
r-oldrel-windows-x86_64 | 1.2 | 14.00 | 173.00 | 187.00 | OK |
Version: 1.2
Check: Rd cross-references
Result: NOTE
Found the following Rd file(s) with Rd \link{} targets missing package
anchors:
dx.wts.mediation.Rd: ps
wgtmed.Rd: gbm, ps, twang
Please provide package anchors for all Rd \link{} targets not in the
package itself and the base packages.
Flavors: r-devel-linux-x86_64-debian-clang, r-devel-linux-x86_64-debian-gcc, r-devel-windows-x86_64, r-patched-linux-x86_64, r-release-linux-x86_64, r-release-windows-x86_64
Version: 1.2
Check: examples
Result: NOTE
Examples with CPU (user + system) or elapsed time > 5s
user system elapsed
desc.effects.mediation 5.080 0.169 6.088
wgtmed 5.048 0.071 6.296
plot.mediation 5.042 0.076 6.593
desc.effects 4.922 0.098 6.402
print.mediation 4.924 0.078 6.114
print.bal.table.mediation 4.922 0.075 5.776
dx.wts.mediation 4.855 0.075 5.693
summary.mediation 4.847 0.082 5.445
Flavor: r-devel-linux-x86_64-debian-clang
Version: 1.2
Check: examples
Result: NOTE
Examples with CPU (user + system) or elapsed time > 5s
user system elapsed
desc.effects.mediation 4.560 0.180 5.166
desc.effects 4.328 0.213 5.338
Flavor: r-devel-linux-x86_64-debian-gcc