Last updated on 2025-04-30 04:50:22 CEST.
Flavor | Version | Tinstall | Tcheck | Ttotal | Status | Flags |
---|---|---|---|---|---|---|
r-devel-linux-x86_64-debian-clang | 2.3.5 | 9.31 | 33.19 | 42.50 | NOTE | |
r-devel-linux-x86_64-debian-gcc | 2.3.5 | 5.75 | 24.64 | 30.39 | NOTE | |
r-devel-linux-x86_64-fedora-clang | 2.3.5 | 68.87 | NOTE | |||
r-devel-linux-x86_64-fedora-gcc | 2.3.5 | 62.68 | NOTE | |||
r-devel-windows-x86_64 | 2.3.5 | 11.00 | 57.00 | 68.00 | NOTE | |
r-patched-linux-x86_64 | 2.3.5 | 8.76 | 30.95 | 39.71 | NOTE | |
r-release-linux-x86_64 | 2.3.5 | 7.83 | 31.48 | 39.31 | NOTE | |
r-release-macos-arm64 | 2.3.5 | 23.00 | NOTE | |||
r-release-macos-x86_64 | 2.3.5 | 41.00 | NOTE | |||
r-release-windows-x86_64 | 2.3.5 | 11.00 | 56.00 | 67.00 | NOTE | |
r-oldrel-macos-arm64 | 2.3.5 | 26.00 | NOTE | |||
r-oldrel-macos-x86_64 | 2.3.5 | 32.00 | NOTE | |||
r-oldrel-windows-x86_64 | 2.3.5 | 14.00 | 64.00 | 78.00 | NOTE |
Version: 2.3.5
Check: CRAN incoming feasibility
Result: NOTE
Maintainer: ‘Peter K. Dunn <pdunn2@usc.edu.au>’
Package CITATION file contains call(s) to old-style citEntry(). Please
use bibentry() instead.
Flavors: r-devel-linux-x86_64-debian-clang, r-devel-linux-x86_64-debian-gcc
Version: 2.3.5
Check: Rd files
Result: NOTE
checkRd: (-1) tweedie-internal.Rd:74: Lost braces
74 | doi{10.1093/biomet/74.2.221}
| ^
Flavors: r-devel-linux-x86_64-debian-clang, r-devel-linux-x86_64-debian-gcc, r-devel-linux-x86_64-fedora-clang, r-devel-linux-x86_64-fedora-gcc, r-devel-windows-x86_64, r-patched-linux-x86_64, r-release-linux-x86_64, r-release-macos-arm64, r-release-macos-x86_64, r-release-windows-x86_64, r-oldrel-macos-arm64, r-oldrel-macos-x86_64, r-oldrel-windows-x86_64