Last updated on 2025-04-30 04:50:22 CEST.
Flavor | Version | Tinstall | Tcheck | Ttotal | Status | Flags |
---|---|---|---|---|---|---|
r-devel-linux-x86_64-debian-clang | 1.0.0 | 46.25 | 22.65 | 68.90 | OK | |
r-devel-linux-x86_64-debian-gcc | 1.0.0 | 38.05 | 21.80 | 59.85 | OK | |
r-devel-linux-x86_64-fedora-clang | 1.0.0 | 114.39 | OK | |||
r-devel-linux-x86_64-fedora-gcc | 1.0.0 | 130.64 | OK | |||
r-devel-windows-x86_64 | 1.0.0 | 49.00 | 70.00 | 119.00 | OK | |
r-patched-linux-x86_64 | 1.0.0 | 49.58 | 25.94 | 75.52 | OK | |
r-release-linux-x86_64 | 1.0.0 | 49.79 | 25.98 | 75.77 | OK | |
r-release-macos-arm64 | 1.0.0 | 37.00 | OK | |||
r-release-macos-x86_64 | 1.0.0 | 55.00 | OK | |||
r-release-windows-x86_64 | 1.0.0 | 49.00 | 69.00 | 118.00 | OK | |
r-oldrel-macos-arm64 | 1.0.0 | 38.00 | NOTE | |||
r-oldrel-macos-x86_64 | 1.0.0 | 73.00 | NOTE | |||
r-oldrel-windows-x86_64 | 1.0.0 | 56.00 | 76.00 | 132.00 | OK |
Version: 1.0.0
Check: installed package size
Result: NOTE
installed size is 19.2Mb
sub-directories of 1Mb or more:
libs 19.1Mb
Flavors: r-oldrel-macos-arm64, r-oldrel-macos-x86_64