Last updated on 2025-04-30 04:50:22 CEST.
Flavor | Version | Tinstall | Tcheck | Ttotal | Status | Flags |
---|---|---|---|---|---|---|
r-devel-linux-x86_64-debian-clang | 0.1.0 | 6.23 | 46.32 | 52.55 | NOTE | |
r-devel-linux-x86_64-debian-gcc | 0.1.0 | 4.19 | 33.64 | 37.83 | OK | |
r-devel-linux-x86_64-fedora-clang | 0.1.0 | 79.70 | OK | |||
r-devel-linux-x86_64-fedora-gcc | 0.1.0 | 77.47 | OK | |||
r-devel-windows-x86_64 | 0.1.0 | 7.00 | 72.00 | 79.00 | OK | |
r-patched-linux-x86_64 | 0.1.0 | 6.86 | 43.41 | 50.27 | OK | |
r-release-linux-x86_64 | 0.1.0 | 5.11 | 43.17 | 48.28 | OK | |
r-release-macos-arm64 | 0.1.0 | 30.00 | OK | |||
r-release-macos-x86_64 | 0.1.0 | 54.00 | OK | |||
r-release-windows-x86_64 | 0.1.0 | 6.00 | 70.00 | 76.00 | OK | |
r-oldrel-macos-arm64 | 0.1.0 | 27.00 | OK | |||
r-oldrel-macos-x86_64 | 0.1.0 | 42.00 | OK | |||
r-oldrel-windows-x86_64 | 0.1.0 | 8.00 | 79.00 | 87.00 | OK |
Version: 0.1.0
Check: examples
Result: NOTE
Examples with CPU (user + system) or elapsed time > 5s
user system elapsed
plot-methods 4.65 0.058 5.798
Flavor: r-devel-linux-x86_64-debian-clang